{"id":3586,"date":"2025-11-19T19:59:28","date_gmt":"2025-11-19T18:59:28","guid":{"rendered":"https:\/\/cefoindigena.org\/herramienta\/que-riesgos-se-enfrentan-las-mujeres-y-jovenes-en-el-internet\/"},"modified":"2025-11-19T19:59:28","modified_gmt":"2025-11-19T18:59:28","slug":"que-riesgos-se-enfrentan-las-mujeres-y-jovenes-en-el-internet","status":"publish","type":"herramienta","link":"https:\/\/cefoindigena.org\/en\/herramienta\/que-riesgos-se-enfrentan-las-mujeres-y-jovenes-en-el-internet\/","title":{"rendered":"\u00bfQu\u00e9 riesgos se enfrentan las mujeres y j\u00f3venes en el Internet?"},"content":{"rendered":"<p>El tr\u00edptico busca concientizar sobre los principales riesgos digitales que enfrentan las mujeres y j\u00f3venes al usar Internet, promoviendo el uso responsable, la protecci\u00f3n de la informaci\u00f3n personal y la adopci\u00f3n de buenas pr\u00e1cticas de seguridad.<br \/>\nInformar, prevenir y fortalecer el autocuidado digital de las usuarias de Internet, en especial mujeres y j\u00f3venes de comunidades, frente a riesgos como fraudes, acoso, noticias falsas, robo de informaci\u00f3n y adicci\u00f3n digital.<\/p>\n<p>Organizaciones responsables:<\/p>\n<p>CEFO Ind\u00edgena<br \/>\nLaboratorio de Medios Libres<\/p>","protected":false},"excerpt":{"rendered":"<p>El tr\u00edptico busca concientizar sobre los principales riesgos digitales que enfrentan las mujeres y j\u00f3venes al usar Internet, promoviendo el uso responsable, la protecci\u00f3n de la informaci\u00f3n personal y la adopci\u00f3n de buenas pr\u00e1cticas de seguridad. Informar, prevenir y fortalecer el autocuidado digital de las usuarias de Internet, en especial mujeres y j\u00f3venes de comunidades, [&hellip;]<\/p>\n","protected":false},"featured_media":0,"template":"","meta":{"_acf_changed":false},"categoria":[47,46],"pais":[13],"tipo-de-documento":[],"class_list":["post-3586","herramienta","type-herramienta","status-publish","hentry","categoria-politico-y-economico","categoria-social","pais-ecuador"],"acf":[],"_links":{"self":[{"href":"https:\/\/cefoindigena.org\/en\/wp-json\/wp\/v2\/herramienta\/3586","targetHints":{"allow":["GET"]}}],"collection":[{"href":"https:\/\/cefoindigena.org\/en\/wp-json\/wp\/v2\/herramienta"}],"about":[{"href":"https:\/\/cefoindigena.org\/en\/wp-json\/wp\/v2\/types\/herramienta"}],"wp:attachment":[{"href":"https:\/\/cefoindigena.org\/en\/wp-json\/wp\/v2\/media?parent=3586"}],"wp:term":[{"taxonomy":"categoria","embeddable":true,"href":"https:\/\/cefoindigena.org\/en\/wp-json\/wp\/v2\/categoria?post=3586"},{"taxonomy":"pais","embeddable":true,"href":"https:\/\/cefoindigena.org\/en\/wp-json\/wp\/v2\/pais?post=3586"},{"taxonomy":"tipo-de-documento","embeddable":true,"href":"https:\/\/cefoindigena.org\/en\/wp-json\/wp\/v2\/tipo-de-documento?post=3586"}],"curies":[{"name":"wp","href":"https:\/\/api.w.org\/{rel}","templated":true}]}}

¿Qué riesgos se enfrentan las mujeres y jóvenes en el Internet?

<p>El tríptico busca concientizar sobre los principales riesgos digitales que enfrentan las mujeres y jóvenes al usar Internet, promoviendo el uso responsable, la protección de la información personal y la adopción de buenas prácticas de seguridad.<br />
Informar, prevenir y fortalecer el autocuidado digital de las usuarias de Internet, en especial mujeres y jóvenes de comunidades, frente a riesgos como fraudes, acoso, noticias falsas, robo de información y adicción digital.</p>
<p>Organizaciones responsables:</p>
<p>CEFO Indígena<br />
Laboratorio de Medios Libres</p>

<p>El tríptico busca concientizar sobre los principales riesgos digitales que enfrentan las mujeres y jóvenes al usar Internet, promoviendo el uso responsable, la protección de la información personal y la adopción de buenas prácticas de seguridad. Informar, prevenir y fortalecer el autocuidado digital de las usuarias de Internet, en especial mujeres y jóvenes de comunidades, [&hellip;]</p>
