{"id":3803,"date":"2025-11-19T19:59:56","date_gmt":"2025-11-19T18:59:56","guid":{"rendered":"https:\/\/cefoindigena.org\/herramienta\/ecologia-politica-de-la-mineria-en-america-latina-aspectos-socioeconomicos-legales-y-ambientales-de-la-mega-mineria\/"},"modified":"2025-11-19T19:59:56","modified_gmt":"2025-11-19T18:59:56","slug":"ecologia-politica-de-la-mineria-en-america-latina-aspectos-socioeconomicos-legales-y-ambientales-de-la-mega-mineria","status":"publish","type":"herramienta","link":"https:\/\/cefoindigena.org\/en\/herramienta\/ecologia-politica-de-la-mineria-en-america-latina-aspectos-socioeconomicos-legales-y-ambientales-de-la-mega-mineria\/","title":{"rendered":"Ecolog\u00eda pol\u00edtica de la miner\u00eda en Am\u00e9rica Latina : aspectos socioecon\u00f3micos, legales y ambientales de la mega miner\u00eda"},"content":{"rendered":"<p>El presente libro re\u00fane el trabajo de un conjunto de autores latinoamericanos que analizan cr\u00edticamente el estado de situaci\u00f3n en diversos pa\u00edses y casos con el objeto de dibujar una panor\u00e1mica m\u00e1s n\u00edtida sobre el nuevo boom minero y su modo operativo en la regi\u00f3n.<br \/>\nEl grueso de eventos abordados est\u00e1n relacionados con la extracci\u00f3n de metales preciosos. Y es que interesa, entre otras cuestiones, caracterizar la explotaci\u00f3n minera transnacional, usualmente asociada a procesos extractivos de oro y plata. El prop\u00f3sito no s\u00f3lo es develar el car\u00e1cter<br \/>\nextractivo de Am\u00e9rica Latina (sus ventajas comparativas) sino, sobre todo, dar cuenta de las implicaciones ambientales y sociales que implica todo proceso de acumulaci\u00f3n por desposesi\u00f3n. Esto es, del despojo como mecanismo esencial para el acceso, gesti\u00f3n y usufructo privado de los recursos mineros.<\/p>","protected":false},"excerpt":{"rendered":"<p>El presente libro re\u00fane el trabajo de un conjunto de autores latinoamericanos que analizan cr\u00edticamente el estado de situaci\u00f3n en diversos pa\u00edses y casos con el objeto de dibujar una panor\u00e1mica m\u00e1s n\u00edtida sobre el nuevo boom minero y su modo operativo en la regi\u00f3n. El grueso de eventos abordados est\u00e1n relacionados con la extracci\u00f3n [&hellip;]<\/p>\n","protected":false},"featured_media":0,"template":"","meta":{"_acf_changed":false},"categoria":[],"pais":[],"tipo-de-documento":[],"class_list":["post-3803","herramienta","type-herramienta","status-publish","hentry"],"acf":[],"_links":{"self":[{"href":"https:\/\/cefoindigena.org\/en\/wp-json\/wp\/v2\/herramienta\/3803","targetHints":{"allow":["GET"]}}],"collection":[{"href":"https:\/\/cefoindigena.org\/en\/wp-json\/wp\/v2\/herramienta"}],"about":[{"href":"https:\/\/cefoindigena.org\/en\/wp-json\/wp\/v2\/types\/herramienta"}],"wp:attachment":[{"href":"https:\/\/cefoindigena.org\/en\/wp-json\/wp\/v2\/media?parent=3803"}],"wp:term":[{"taxonomy":"categoria","embeddable":true,"href":"https:\/\/cefoindigena.org\/en\/wp-json\/wp\/v2\/categoria?post=3803"},{"taxonomy":"pais","embeddable":true,"href":"https:\/\/cefoindigena.org\/en\/wp-json\/wp\/v2\/pais?post=3803"},{"taxonomy":"tipo-de-documento","embeddable":true,"href":"https:\/\/cefoindigena.org\/en\/wp-json\/wp\/v2\/tipo-de-documento?post=3803"}],"curies":[{"name":"wp","href":"https:\/\/api.w.org\/{rel}","templated":true}]}}

Ecología política de la minería en América Latina : aspectos socioeconómicos, legales y ambientales de la mega minería

<p>El presente libro reúne el trabajo de un conjunto de autores latinoamericanos que analizan críticamente el estado de situación en diversos países y casos con el objeto de dibujar una panorámica más nítida sobre el nuevo boom minero y su modo operativo en la región.<br />
El grueso de eventos abordados están relacionados con la extracción de metales preciosos. Y es que interesa, entre otras cuestiones, caracterizar la explotación minera transnacional, usualmente asociada a procesos extractivos de oro y plata. El propósito no sólo es develar el carácter<br />
extractivo de América Latina (sus ventajas comparativas) sino, sobre todo, dar cuenta de las implicaciones ambientales y sociales que implica todo proceso de acumulación por desposesión. Esto es, del despojo como mecanismo esencial para el acceso, gestión y usufructo privado de los recursos mineros.</p>

<p>El presente libro reúne el trabajo de un conjunto de autores latinoamericanos que analizan críticamente el estado de situación en diversos países y casos con el objeto de dibujar una panorámica más nítida sobre el nuevo boom minero y su modo operativo en la región. El grueso de eventos abordados están relacionados con la extracción [&hellip;]</p>
