{"id":3819,"date":"2025-11-19T19:59:59","date_gmt":"2025-11-19T18:59:59","guid":{"rendered":"https:\/\/cefoindigena.org\/herramienta\/el-derecho-a-la-consulta-previa-y-su-aplicacion-en-el-peru-30-anos-despues-del-convenio-169-oit\/"},"modified":"2025-11-19T19:59:59","modified_gmt":"2025-11-19T18:59:59","slug":"el-derecho-a-la-consulta-previa-y-su-aplicacion-en-el-peru-30-anos-despues-del-convenio-169-oit","status":"publish","type":"herramienta","link":"https:\/\/cefoindigena.org\/en\/herramienta\/el-derecho-a-la-consulta-previa-y-su-aplicacion-en-el-peru-30-anos-despues-del-convenio-169-oit\/","title":{"rendered":"El derecho a la consulta previa y su aplicaci\u00f3n en el Per\u00fa 30 a\u00f1os despu\u00e9s del Convenio 169-OIT"},"content":{"rendered":"<p>En este art\u00edculo, el autor Luis Hallazi transcribe una nota de la Defensor\u00eda del Pueblo, de la Rep\u00fablica de Per\u00fa, que sintetiza la realidad y devenir de la Consulta Libre e Informada, que solo se aplica desde el a\u00f1o 2011, pese a que el pa\u00eds es signatario del Convenio 169 de la OIT, por cerca de 30 a\u00f1os.<\/p>","protected":false},"excerpt":{"rendered":"<p>En este art\u00edculo, el autor Luis Hallazi transcribe una nota de la Defensor\u00eda del Pueblo, de la Rep\u00fablica de Per\u00fa, que sintetiza la realidad y devenir de la Consulta Libre e Informada, que solo se aplica desde el a\u00f1o 2011, pese a que el pa\u00eds es signatario del Convenio 169 de la OIT, por cerca [&hellip;]<\/p>\n","protected":false},"featured_media":0,"template":"","meta":{"_acf_changed":false},"categoria":[],"pais":[15],"tipo-de-documento":[],"class_list":["post-3819","herramienta","type-herramienta","status-publish","hentry","pais-peru"],"acf":[],"_links":{"self":[{"href":"https:\/\/cefoindigena.org\/en\/wp-json\/wp\/v2\/herramienta\/3819","targetHints":{"allow":["GET"]}}],"collection":[{"href":"https:\/\/cefoindigena.org\/en\/wp-json\/wp\/v2\/herramienta"}],"about":[{"href":"https:\/\/cefoindigena.org\/en\/wp-json\/wp\/v2\/types\/herramienta"}],"wp:attachment":[{"href":"https:\/\/cefoindigena.org\/en\/wp-json\/wp\/v2\/media?parent=3819"}],"wp:term":[{"taxonomy":"categoria","embeddable":true,"href":"https:\/\/cefoindigena.org\/en\/wp-json\/wp\/v2\/categoria?post=3819"},{"taxonomy":"pais","embeddable":true,"href":"https:\/\/cefoindigena.org\/en\/wp-json\/wp\/v2\/pais?post=3819"},{"taxonomy":"tipo-de-documento","embeddable":true,"href":"https:\/\/cefoindigena.org\/en\/wp-json\/wp\/v2\/tipo-de-documento?post=3819"}],"curies":[{"name":"wp","href":"https:\/\/api.w.org\/{rel}","templated":true}]}}

El derecho a la consulta previa y su aplicación en el Perú 30 años después del Convenio 169-OIT

<p>En este artículo, el autor Luis Hallazi transcribe una nota de la Defensoría del Pueblo, de la República de Perú, que sintetiza la realidad y devenir de la Consulta Libre e Informada, que solo se aplica desde el año 2011, pese a que el país es signatario del Convenio 169 de la OIT, por cerca de 30 años.</p>

<p>En este artículo, el autor Luis Hallazi transcribe una nota de la Defensoría del Pueblo, de la República de Perú, que sintetiza la realidad y devenir de la Consulta Libre e Informada, que solo se aplica desde el año 2011, pese a que el país es signatario del Convenio 169 de la OIT, por cerca [&hellip;]</p>
