{"id":3850,"date":"2025-11-19T20:00:04","date_gmt":"2025-11-19T19:00:04","guid":{"rendered":"https:\/\/cefoindigena.org\/herramienta\/en-defensa-de-los-y-las-defensoras-indigenas-informe-de-casos-2019\/"},"modified":"2025-11-19T20:00:04","modified_gmt":"2025-11-19T19:00:04","slug":"en-defensa-de-los-y-las-defensoras-indigenas-informe-de-casos-2019","status":"publish","type":"herramienta","link":"https:\/\/cefoindigena.org\/en\/herramienta\/en-defensa-de-los-y-las-defensoras-indigenas-informe-de-casos-2019\/","title":{"rendered":"En defensa de los y las Defensoras Ind\u00edgenas &#8211; INFORME DE CASOS 2019"},"content":{"rendered":"<p>El presente documento responde a uno de los objetivos del Programa de Defensa de Defensores y Defensoras (PDDD) de la COICA: la documentaci\u00f3n de casos para la visibilizaci\u00f3n de la problem\u00e1tica de vulneraci\u00f3n de derechos de defensores y defensoras ind\u00edgenas de la cuenca amaz\u00f3nica. Asimismo, sirve como una referencia de lecciones aprendidas para mejorar el abordaje de futuros casos.<\/p>","protected":false},"excerpt":{"rendered":"<p>El presente documento responde a uno de los objetivos del Programa de Defensa de Defensores y Defensoras (PDDD) de la COICA: la documentaci\u00f3n de casos para la visibilizaci\u00f3n de la problem\u00e1tica de vulneraci\u00f3n de derechos de defensores y defensoras ind\u00edgenas de la cuenca amaz\u00f3nica. Asimismo, sirve como una referencia de lecciones aprendidas para mejorar el [&hellip;]<\/p>\n","protected":false},"featured_media":0,"template":"","meta":{"_acf_changed":false},"categoria":[],"pais":[],"tipo-de-documento":[],"class_list":["post-3850","herramienta","type-herramienta","status-publish","hentry"],"acf":[],"_links":{"self":[{"href":"https:\/\/cefoindigena.org\/en\/wp-json\/wp\/v2\/herramienta\/3850","targetHints":{"allow":["GET"]}}],"collection":[{"href":"https:\/\/cefoindigena.org\/en\/wp-json\/wp\/v2\/herramienta"}],"about":[{"href":"https:\/\/cefoindigena.org\/en\/wp-json\/wp\/v2\/types\/herramienta"}],"wp:attachment":[{"href":"https:\/\/cefoindigena.org\/en\/wp-json\/wp\/v2\/media?parent=3850"}],"wp:term":[{"taxonomy":"categoria","embeddable":true,"href":"https:\/\/cefoindigena.org\/en\/wp-json\/wp\/v2\/categoria?post=3850"},{"taxonomy":"pais","embeddable":true,"href":"https:\/\/cefoindigena.org\/en\/wp-json\/wp\/v2\/pais?post=3850"},{"taxonomy":"tipo-de-documento","embeddable":true,"href":"https:\/\/cefoindigena.org\/en\/wp-json\/wp\/v2\/tipo-de-documento?post=3850"}],"curies":[{"name":"wp","href":"https:\/\/api.w.org\/{rel}","templated":true}]}}

En defensa de los y las Defensoras Indígenas &#8211; INFORME DE CASOS 2019

<p>El presente documento responde a uno de los objetivos del Programa de Defensa de Defensores y Defensoras (PDDD) de la COICA: la documentación de casos para la visibilización de la problemática de vulneración de derechos de defensores y defensoras indígenas de la cuenca amazónica. Asimismo, sirve como una referencia de lecciones aprendidas para mejorar el abordaje de futuros casos.</p>

<p>El presente documento responde a uno de los objetivos del Programa de Defensa de Defensores y Defensoras (PDDD) de la COICA: la documentación de casos para la visibilización de la problemática de vulneración de derechos de defensores y defensoras indígenas de la cuenca amazónica. Asimismo, sirve como una referencia de lecciones aprendidas para mejorar el [&hellip;]</p>
