{"id":3854,"date":"2025-11-19T20:00:04","date_gmt":"2025-11-19T19:00:04","guid":{"rendered":"https:\/\/cefoindigena.org\/herramienta\/esta-publicacion-debe-citarse-como-comision-economica-para-america-latina-y-el-caribe-cepal-revista-cepal-n-140-lc-pub-2023-15-p-santiago-2023-naciones-unidas\/"},"modified":"2026-04-17T16:32:55","modified_gmt":"2026-04-17T14:32:55","slug":"esta-publicacion-debe-citarse-como-comision-economica-para-america-latina-y-el-caribe-cepal-revista-cepal-n-140-lc-pub-2023-15-p-santiago-2023-naciones-unidas","status":"publish","type":"herramienta","link":"https:\/\/cefoindigena.org\/en\/herramienta\/esta-publicacion-debe-citarse-como-comision-economica-para-america-latina-y-el-caribe-cepal-revista-cepal-n-140-lc-pub-2023-15-p-santiago-2023-naciones-unidas\/","title":{"rendered":"Esta publicaci\u00f3n debe citarse como: Comisi\u00f3n Econ\u00f3mica para Am\u00e9rica Latina y el Caribe (CEPAL), Revista CEPAL, N\u00b0 140 (LC\/PUB.2023\/15-P), Santiago, 2023. Naciones Unidas."},"content":{"rendered":"<p>Revista de publicaci\u00f3n peri\u00f3dica que mide el pulso dela econom\u00eda a nivel de Latinoam\u00e9rica y el Caribe. Contiene art\u00edculos y ensayos sobre econom\u00eda.<\/p>","protected":false},"excerpt":{"rendered":"<p>Revista de publicaci\u00f3n peri\u00f3dica que mide el pulso dela econom\u00eda a nivel de Latinoam\u00e9rica y el Caribe. Contiene art\u00edculos y ensayos sobre econom\u00eda.<\/p>","protected":false},"featured_media":0,"template":"","meta":{"_acf_changed":false},"categoria":[47,46],"pais":[40],"tipo-de-documento":[],"class_list":["post-3854","herramienta","type-herramienta","status-publish","hentry","categoria-politico-y-economico","categoria-social","pais-america-latina"],"acf":[],"_links":{"self":[{"href":"https:\/\/cefoindigena.org\/en\/wp-json\/wp\/v2\/herramienta\/3854","targetHints":{"allow":["GET"]}}],"collection":[{"href":"https:\/\/cefoindigena.org\/en\/wp-json\/wp\/v2\/herramienta"}],"about":[{"href":"https:\/\/cefoindigena.org\/en\/wp-json\/wp\/v2\/types\/herramienta"}],"wp:attachment":[{"href":"https:\/\/cefoindigena.org\/en\/wp-json\/wp\/v2\/media?parent=3854"}],"wp:term":[{"taxonomy":"categoria","embeddable":true,"href":"https:\/\/cefoindigena.org\/en\/wp-json\/wp\/v2\/categoria?post=3854"},{"taxonomy":"pais","embeddable":true,"href":"https:\/\/cefoindigena.org\/en\/wp-json\/wp\/v2\/pais?post=3854"},{"taxonomy":"tipo-de-documento","embeddable":true,"href":"https:\/\/cefoindigena.org\/en\/wp-json\/wp\/v2\/tipo-de-documento?post=3854"}],"curies":[{"name":"wp","href":"https:\/\/api.w.org\/{rel}","templated":true}]}}

Esta publicación debe citarse como: Comisión Económica para América Latina y el Caribe (CEPAL), Revista CEPAL, N° 140 (LC/PUB.2023/15-P), Santiago, 2023. Naciones Unidas.

<p>Revista de publicación periódica que mide el pulso dela economía a nivel de Latinoamérica y el Caribe. Contiene artículos y ensayos sobre economía.</p>
