{"id":3863,"date":"2025-11-19T20:00:06","date_gmt":"2025-11-19T19:00:06","guid":{"rendered":"https:\/\/cefoindigena.org\/herramienta\/estudio-economico-para-america-latina-y-el-caribe-el-financiamiento-de-una-transicion-sostenible-inversion-para-crecer-y-enfrentar-el-cambio-climaticocomision-economica-para-america-latina-y-e\/"},"modified":"2026-04-17T16:32:55","modified_gmt":"2026-04-17T14:32:55","slug":"estudio-economico-para-america-latina-y-el-caribe-el-financiamiento-de-una-transicion-sostenible-inversion-para-crecer-y-enfrentar-el-cambio-climaticocomision-economica-para-america-latina-y-e","status":"publish","type":"herramienta","link":"https:\/\/cefoindigena.org\/en\/herramienta\/estudio-economico-para-america-latina-y-el-caribe-el-financiamiento-de-una-transicion-sostenible-inversion-para-crecer-y-enfrentar-el-cambio-climaticocomision-economica-para-america-latina-y-e\/","title":{"rendered":"Estudio Econ\u00f3mico para Am\u00e9rica Latina y el Caribe: El financiamiento de una transici\u00f3n sostenible: inversi\u00f3n para crecer y enfrentar el cambio clim\u00e1tico\r\n\r\n\r\nComisi\u00f3n Econ\u00f3mica para Am\u00e9rica Latina y el Caribe (CEPAL), Estudio Econ\u00f3mico de Am\u00e9rica Latina y el Caribe, 2023 LC\/PUB.2023\/11-P), Santiago, 2023."},"content":{"rendered":"<p>An\u00e1lisis pa\u00eds por pa\u00eds sobre: El financiamiento de una transici\u00f3n sostenible: inversi\u00f3n para crecer y enfrentar el cambio clim\u00e1tico<\/p>","protected":false},"excerpt":{"rendered":"<p>An\u00e1lisis pa\u00eds por pa\u00eds sobre: El financiamiento de una transici\u00f3n sostenible: inversi\u00f3n para crecer y enfrentar el cambio clim\u00e1tico<\/p>","protected":false},"featured_media":0,"template":"","meta":{"_acf_changed":false},"categoria":[47,46],"pais":[40],"tipo-de-documento":[],"class_list":["post-3863","herramienta","type-herramienta","status-publish","hentry","categoria-politico-y-economico","categoria-social","pais-america-latina"],"acf":[],"_links":{"self":[{"href":"https:\/\/cefoindigena.org\/en\/wp-json\/wp\/v2\/herramienta\/3863","targetHints":{"allow":["GET"]}}],"collection":[{"href":"https:\/\/cefoindigena.org\/en\/wp-json\/wp\/v2\/herramienta"}],"about":[{"href":"https:\/\/cefoindigena.org\/en\/wp-json\/wp\/v2\/types\/herramienta"}],"wp:attachment":[{"href":"https:\/\/cefoindigena.org\/en\/wp-json\/wp\/v2\/media?parent=3863"}],"wp:term":[{"taxonomy":"categoria","embeddable":true,"href":"https:\/\/cefoindigena.org\/en\/wp-json\/wp\/v2\/categoria?post=3863"},{"taxonomy":"pais","embeddable":true,"href":"https:\/\/cefoindigena.org\/en\/wp-json\/wp\/v2\/pais?post=3863"},{"taxonomy":"tipo-de-documento","embeddable":true,"href":"https:\/\/cefoindigena.org\/en\/wp-json\/wp\/v2\/tipo-de-documento?post=3863"}],"curies":[{"name":"wp","href":"https:\/\/api.w.org\/{rel}","templated":true}]}}

Estudio Económico para América Latina y el Caribe: El financiamiento de una transición sostenible: inversión para crecer y enfrentar el cambio climático


Comisión Económica para América Latina y el Caribe (CEPAL), Estudio Económico de América Latina y el Caribe, 2023 LC/PUB.2023/11-P), Santiago, 2023.

<p>Análisis país por país sobre: El financiamiento de una transición sostenible: inversión para crecer y enfrentar el cambio climático</p>
