{"id":3962,"date":"2025-11-19T20:00:22","date_gmt":"2025-11-19T19:00:22","guid":{"rendered":"https:\/\/cefoindigena.org\/herramienta\/guide-for-the-attention-of-indigenous-and-afro-mexican-peoples-and-communities-in-the-face-of-the-health-emergency-generated-by-the-sars-cov-2-virus-covid-19-hnahnu-version\/"},"modified":"2025-11-19T20:00:22","modified_gmt":"2025-11-19T19:00:22","slug":"guide-for-the-attention-of-indigenous-and-afro-mexican-peoples-and-communities-in-the-face-of-the-health-emergency-generated-by-the-sars-cov-2-virus-covid-19-hnahnu-version","status":"publish","type":"herramienta","link":"https:\/\/cefoindigena.org\/en\/herramienta\/guide-for-the-attention-of-indigenous-and-afro-mexican-peoples-and-communities-in-the-face-of-the-health-emergency-generated-by-the-sars-cov-2-virus-covid-19-hnahnu-version\/","title":{"rendered":"Guide for the Attention of Indigenous and Afro-Mexican Peoples and Communities in the face of the health emergency generated by the SARS-CoV-2 virus (COVID-19). H\u00f1\u00e4h\u00f1u version."},"content":{"rendered":"<p>Versi\u00f3n en h\u00f1\u00e4h\u00f1u.<\/p>","protected":false},"excerpt":{"rendered":"<p>Versi\u00f3n en h\u00f1\u00e4h\u00f1u.<\/p>","protected":false},"featured_media":0,"template":"","meta":{"_acf_changed":false},"categoria":[],"pais":[19],"tipo-de-documento":[],"class_list":["post-3962","herramienta","type-herramienta","status-publish","hentry","pais-mexico"],"acf":[],"_links":{"self":[{"href":"https:\/\/cefoindigena.org\/en\/wp-json\/wp\/v2\/herramienta\/3962","targetHints":{"allow":["GET"]}}],"collection":[{"href":"https:\/\/cefoindigena.org\/en\/wp-json\/wp\/v2\/herramienta"}],"about":[{"href":"https:\/\/cefoindigena.org\/en\/wp-json\/wp\/v2\/types\/herramienta"}],"wp:attachment":[{"href":"https:\/\/cefoindigena.org\/en\/wp-json\/wp\/v2\/media?parent=3962"}],"wp:term":[{"taxonomy":"categoria","embeddable":true,"href":"https:\/\/cefoindigena.org\/en\/wp-json\/wp\/v2\/categoria?post=3962"},{"taxonomy":"pais","embeddable":true,"href":"https:\/\/cefoindigena.org\/en\/wp-json\/wp\/v2\/pais?post=3962"},{"taxonomy":"tipo-de-documento","embeddable":true,"href":"https:\/\/cefoindigena.org\/en\/wp-json\/wp\/v2\/tipo-de-documento?post=3962"}],"curies":[{"name":"wp","href":"https:\/\/api.w.org\/{rel}","templated":true}]}}

Guide for the Attention of Indigenous and Afro-Mexican Peoples and Communities in the face of the health emergency generated by the SARS-CoV-2 virus (COVID-19). Hñähñu version.

<p>Versión en hñähñu.</p>
