{"id":4012,"date":"2025-11-19T20:00:31","date_gmt":"2025-11-19T19:00:31","guid":{"rendered":"https:\/\/cefoindigena.org\/herramienta\/informe-sobre-la-situacion-de-los-derechos-de-los-pueblos-indigenas-en-mexico\/"},"modified":"2025-11-19T20:00:31","modified_gmt":"2025-11-19T19:00:31","slug":"informe-sobre-la-situacion-de-los-derechos-de-los-pueblos-indigenas-en-mexico","status":"publish","type":"herramienta","link":"https:\/\/cefoindigena.org\/en\/herramienta\/informe-sobre-la-situacion-de-los-derechos-de-los-pueblos-indigenas-en-mexico\/","title":{"rendered":"Informe sobre la situaci\u00f3n de los derechos de los pueblos ind\u00edgenas en M\u00e9xico."},"content":{"rendered":"<p>Un informe escrito por la Relatora Especial de la ONU en derechos de los pueblos ind\u00edgenas Sra. Victoria Tauli-Corpussobre la situaci\u00f3n de los pueblos ind\u00edgenas en M\u00e9xico, que incluye las violaciones m\u00e1s comunes de sus derechos relacionados con el territorio, la biocultura, el acceso a la justicia, la discriminaci\u00f3n y la violencia cometida contra ellos.<\/p>","protected":false},"excerpt":{"rendered":"<p>Un informe escrito por la Relatora Especial de la ONU en derechos de los pueblos ind\u00edgenas Sra. Victoria Tauli-Corpussobre la situaci\u00f3n de los pueblos ind\u00edgenas en M\u00e9xico, que incluye las violaciones m\u00e1s comunes de sus derechos relacionados con el territorio, la biocultura, el acceso a la justicia, la discriminaci\u00f3n y la violencia cometida contra ellos.<\/p>","protected":false},"featured_media":0,"template":"","meta":{"_acf_changed":false},"categoria":[],"pais":[19],"tipo-de-documento":[],"class_list":["post-4012","herramienta","type-herramienta","status-publish","hentry","pais-mexico"],"acf":[],"_links":{"self":[{"href":"https:\/\/cefoindigena.org\/en\/wp-json\/wp\/v2\/herramienta\/4012","targetHints":{"allow":["GET"]}}],"collection":[{"href":"https:\/\/cefoindigena.org\/en\/wp-json\/wp\/v2\/herramienta"}],"about":[{"href":"https:\/\/cefoindigena.org\/en\/wp-json\/wp\/v2\/types\/herramienta"}],"wp:attachment":[{"href":"https:\/\/cefoindigena.org\/en\/wp-json\/wp\/v2\/media?parent=4012"}],"wp:term":[{"taxonomy":"categoria","embeddable":true,"href":"https:\/\/cefoindigena.org\/en\/wp-json\/wp\/v2\/categoria?post=4012"},{"taxonomy":"pais","embeddable":true,"href":"https:\/\/cefoindigena.org\/en\/wp-json\/wp\/v2\/pais?post=4012"},{"taxonomy":"tipo-de-documento","embeddable":true,"href":"https:\/\/cefoindigena.org\/en\/wp-json\/wp\/v2\/tipo-de-documento?post=4012"}],"curies":[{"name":"wp","href":"https:\/\/api.w.org\/{rel}","templated":true}]}}

Informe sobre la situación de los derechos de los pueblos indígenas en México.

<p>Un informe escrito por la Relatora Especial de la ONU en derechos de los pueblos indígenas Sra. Victoria Tauli-Corpussobre la situación de los pueblos indígenas en México, que incluye las violaciones más comunes de sus derechos relacionados con el territorio, la biocultura, el acceso a la justicia, la discriminación y la violencia cometida contra ellos.</p>
