{"id":4022,"date":"2025-11-19T20:00:33","date_gmt":"2025-11-19T19:00:33","guid":{"rendered":"https:\/\/cefoindigena.org\/herramienta\/intervencion-de-la-delegacion-de-la-republica-bolivariana-de-venezuela-en-la-21-sesion-ordinaria-del-consejo-de-derechos-humanos\/"},"modified":"2025-11-19T20:00:33","modified_gmt":"2025-11-19T19:00:33","slug":"intervencion-de-la-delegacion-de-la-republica-bolivariana-de-venezuela-en-la-21-sesion-ordinaria-del-consejo-de-derechos-humanos","status":"publish","type":"herramienta","link":"https:\/\/cefoindigena.org\/en\/herramienta\/intervencion-de-la-delegacion-de-la-republica-bolivariana-de-venezuela-en-la-21-sesion-ordinaria-del-consejo-de-derechos-humanos\/","title":{"rendered":"INTERVENCI\u00d4N DE LA DELEGACI\u00d4N DE LA REP\u00dbBLICA BOLIVARIANA DE VENEZUELA EN LA 21\u00b0 SESI\u00d4N ORDINARIA DEL ~~ CONSEJO DE DERECHOS HUMANOS"},"content":{"rendered":"<p>Informes del Relator Especial sobre los derechos de los Pueblos Ind\u00eegenas<br \/>\nsenor James Anaya, y del Mecanismo de Exp\u00e8rtos sobre los Derechos de los<br \/>\nPueblos Ind\u00eegenas<\/p>","protected":false},"excerpt":{"rendered":"<p>Informes del Relator Especial sobre los derechos de los Pueblos Ind\u00eegenas senor James Anaya, y del Mecanismo de Exp\u00e8rtos sobre los Derechos de los Pueblos Ind\u00eegenas<\/p>","protected":false},"featured_media":0,"template":"","meta":{"_acf_changed":false},"categoria":[],"pais":[20],"tipo-de-documento":[],"class_list":["post-4022","herramienta","type-herramienta","status-publish","hentry","pais-venezuela"],"acf":[],"_links":{"self":[{"href":"https:\/\/cefoindigena.org\/en\/wp-json\/wp\/v2\/herramienta\/4022","targetHints":{"allow":["GET"]}}],"collection":[{"href":"https:\/\/cefoindigena.org\/en\/wp-json\/wp\/v2\/herramienta"}],"about":[{"href":"https:\/\/cefoindigena.org\/en\/wp-json\/wp\/v2\/types\/herramienta"}],"wp:attachment":[{"href":"https:\/\/cefoindigena.org\/en\/wp-json\/wp\/v2\/media?parent=4022"}],"wp:term":[{"taxonomy":"categoria","embeddable":true,"href":"https:\/\/cefoindigena.org\/en\/wp-json\/wp\/v2\/categoria?post=4022"},{"taxonomy":"pais","embeddable":true,"href":"https:\/\/cefoindigena.org\/en\/wp-json\/wp\/v2\/pais?post=4022"},{"taxonomy":"tipo-de-documento","embeddable":true,"href":"https:\/\/cefoindigena.org\/en\/wp-json\/wp\/v2\/tipo-de-documento?post=4022"}],"curies":[{"name":"wp","href":"https:\/\/api.w.org\/{rel}","templated":true}]}}

INTERVENCIÔN DE LA DELEGACIÔN DE LA REPÛBLICA BOLIVARIANA DE VENEZUELA EN LA 21° SESIÔN ORDINARIA DEL ~~ CONSEJO DE DERECHOS HUMANOS

<p>Informes del Relator Especial sobre los derechos de los Pueblos Indîgenas<br />
senor James Anaya, y del Mecanismo de Expèrtos sobre los Derechos de los<br />
Pueblos Indîgenas</p>

<p>Informes del Relator Especial sobre los derechos de los Pueblos Indîgenas senor James Anaya, y del Mecanismo de Expèrtos sobre los Derechos de los Pueblos Indîgenas</p>
