{"id":4182,"date":"2025-11-19T20:01:03","date_gmt":"2025-11-19T19:01:03","guid":{"rendered":"https:\/\/cefoindigena.org\/herramienta\/medios-de-comunicaciony-pueblos-indigenas-abrir-comunicacion-para-escuchar-diferentes-voces\/"},"modified":"2025-11-19T20:01:03","modified_gmt":"2025-11-19T19:01:03","slug":"medios-de-comunicaciony-pueblos-indigenas-abrir-comunicacion-para-escuchar-diferentes-voces","status":"publish","type":"herramienta","link":"https:\/\/cefoindigena.org\/en\/herramienta\/medios-de-comunicaciony-pueblos-indigenas-abrir-comunicacion-para-escuchar-diferentes-voces\/","title":{"rendered":"MEDIOS DE COMUNICACI\u00d3NY PUEBLOS IND\u00cdGENAS Abrir comunicaci\u00f3n para escuchar diferentes voces"},"content":{"rendered":"<p>La Oficina del Alto Comisionado de las Naciones Unidas para los Derechos Humanos (OACNUDH<br \/>\n) en M\u00e9xico, en conjunto con la Comisi\u00f3n de Asuntos Ind\u00edgenas de la C\u00e1mara de Diputados, el Grupo Internacional de Trabajo sobre Asuntos Ind\u00edgenas (IWGIA), la Asociaci\u00f3n Mundial de Radios Comunitarias(AMARC-M\u00e9xico) y Servicios para una Educaci\u00f3n Alternativa (Educa) convoca-ron el Foro:Medios de Comunicaci\u00f3n y Pueblos Ind\u00edgenas , el d\u00eda 9 de agosto de 2007, en el Club de Periodistas en la Ciudad de M\u00e9xico.Entre los objetivos del Foro se encuentra la revisi\u00f3n del cumplimiento, por parte de M\u00e9xico, de las recomendaciones del Relator Especial de las Naciones Unidas sobre los derechos humanos y las libertades fundamentales de los ind\u00edgenas, adem\u00e1s de conocer el punto de vista de periodistas y comunicadores ind\u00edgenas y comunitarios.<\/p>","protected":false},"excerpt":{"rendered":"<p>La Oficina del Alto Comisionado de las Naciones Unidas para los Derechos Humanos (OACNUDH ) en M\u00e9xico, en conjunto con la Comisi\u00f3n de Asuntos Ind\u00edgenas de la C\u00e1mara de Diputados, el Grupo Internacional de Trabajo sobre Asuntos Ind\u00edgenas (IWGIA), la Asociaci\u00f3n Mundial de Radios Comunitarias(AMARC-M\u00e9xico) y Servicios para una Educaci\u00f3n Alternativa (Educa) convoca-ron el Foro:Medios [&hellip;]<\/p>\n","protected":false},"featured_media":0,"template":"","meta":{"_acf_changed":false},"categoria":[],"pais":[19],"tipo-de-documento":[],"class_list":["post-4182","herramienta","type-herramienta","status-publish","hentry","pais-mexico"],"acf":[],"_links":{"self":[{"href":"https:\/\/cefoindigena.org\/en\/wp-json\/wp\/v2\/herramienta\/4182","targetHints":{"allow":["GET"]}}],"collection":[{"href":"https:\/\/cefoindigena.org\/en\/wp-json\/wp\/v2\/herramienta"}],"about":[{"href":"https:\/\/cefoindigena.org\/en\/wp-json\/wp\/v2\/types\/herramienta"}],"wp:attachment":[{"href":"https:\/\/cefoindigena.org\/en\/wp-json\/wp\/v2\/media?parent=4182"}],"wp:term":[{"taxonomy":"categoria","embeddable":true,"href":"https:\/\/cefoindigena.org\/en\/wp-json\/wp\/v2\/categoria?post=4182"},{"taxonomy":"pais","embeddable":true,"href":"https:\/\/cefoindigena.org\/en\/wp-json\/wp\/v2\/pais?post=4182"},{"taxonomy":"tipo-de-documento","embeddable":true,"href":"https:\/\/cefoindigena.org\/en\/wp-json\/wp\/v2\/tipo-de-documento?post=4182"}],"curies":[{"name":"wp","href":"https:\/\/api.w.org\/{rel}","templated":true}]}}

MEDIOS DE COMUNICACIÓNY PUEBLOS INDÍGENAS Abrir comunicación para escuchar diferentes voces

<p>La Oficina del Alto Comisionado de las Naciones Unidas para los Derechos Humanos (OACNUDH<br />
) en México, en conjunto con la Comisión de Asuntos Indígenas de la Cámara de Diputados, el Grupo Internacional de Trabajo sobre Asuntos Indígenas (IWGIA), la Asociación Mundial de Radios Comunitarias(AMARC-México) y Servicios para una Educación Alternativa (Educa) convoca-ron el Foro:Medios de Comunicación y Pueblos Indígenas , el día 9 de agosto de 2007, en el Club de Periodistas en la Ciudad de México.Entre los objetivos del Foro se encuentra la revisión del cumplimiento, por parte de México, de las recomendaciones del Relator Especial de las Naciones Unidas sobre los derechos humanos y las libertades fundamentales de los indígenas, además de conocer el punto de vista de periodistas y comunicadores indígenas y comunitarios.</p>

<p>La Oficina del Alto Comisionado de las Naciones Unidas para los Derechos Humanos (OACNUDH ) en México, en conjunto con la Comisión de Asuntos Indígenas de la Cámara de Diputados, el Grupo Internacional de Trabajo sobre Asuntos Indígenas (IWGIA), la Asociación Mundial de Radios Comunitarias(AMARC-México) y Servicios para una Educación Alternativa (Educa) convoca-ron el Foro:Medios [&hellip;]</p>
