{"id":4223,"date":"2025-11-19T20:01:11","date_gmt":"2025-11-19T19:01:11","guid":{"rendered":"https:\/\/cefoindigena.org\/herramienta\/monografia-de-los-otomies-del-semidesierto-queretano\/"},"modified":"2025-11-19T20:01:11","modified_gmt":"2025-11-19T19:01:11","slug":"monografia-de-los-otomies-del-semidesierto-queretano","status":"publish","type":"herramienta","link":"https:\/\/cefoindigena.org\/en\/herramienta\/monografia-de-los-otomies-del-semidesierto-queretano\/","title":{"rendered":"Monograf\u00eda de los Otom\u00edes del semidesierto queretano"},"content":{"rendered":"<p>EN EL ESTADO DE QUER\u00c9TARO SE DESCUBRE PARTE DE LA HISTORIA DE LA<br \/>\nVIDA IND\u00cdGENA DEL PA\u00cdS. ENTRE TRADICIONES Y COSTUMBRES, este trabajo nos inserta en la dimensi\u00f3n cultural de los otom\u00edes, espec\u00edficamente<br \/>\naquellos que se encuentran asentados en el norte del estado de Quer\u00e9taro y referidos en esta monograf\u00eda como los otom\u00edes del semidesierto<br \/>\nqueretano.<\/p>","protected":false},"excerpt":{"rendered":"<p>EN EL ESTADO DE QUER\u00c9TARO SE DESCUBRE PARTE DE LA HISTORIA DE LA VIDA IND\u00cdGENA DEL PA\u00cdS. ENTRE TRADICIONES Y COSTUMBRES, este trabajo nos inserta en la dimensi\u00f3n cultural de los otom\u00edes, espec\u00edficamente aquellos que se encuentran asentados en el norte del estado de Quer\u00e9taro y referidos en esta monograf\u00eda como los otom\u00edes del semidesierto [&hellip;]<\/p>\n","protected":false},"featured_media":0,"template":"","meta":{"_acf_changed":false},"categoria":[],"pais":[19],"tipo-de-documento":[],"class_list":["post-4223","herramienta","type-herramienta","status-publish","hentry","pais-mexico"],"acf":[],"_links":{"self":[{"href":"https:\/\/cefoindigena.org\/en\/wp-json\/wp\/v2\/herramienta\/4223","targetHints":{"allow":["GET"]}}],"collection":[{"href":"https:\/\/cefoindigena.org\/en\/wp-json\/wp\/v2\/herramienta"}],"about":[{"href":"https:\/\/cefoindigena.org\/en\/wp-json\/wp\/v2\/types\/herramienta"}],"wp:attachment":[{"href":"https:\/\/cefoindigena.org\/en\/wp-json\/wp\/v2\/media?parent=4223"}],"wp:term":[{"taxonomy":"categoria","embeddable":true,"href":"https:\/\/cefoindigena.org\/en\/wp-json\/wp\/v2\/categoria?post=4223"},{"taxonomy":"pais","embeddable":true,"href":"https:\/\/cefoindigena.org\/en\/wp-json\/wp\/v2\/pais?post=4223"},{"taxonomy":"tipo-de-documento","embeddable":true,"href":"https:\/\/cefoindigena.org\/en\/wp-json\/wp\/v2\/tipo-de-documento?post=4223"}],"curies":[{"name":"wp","href":"https:\/\/api.w.org\/{rel}","templated":true}]}}

Monografía de los Otomíes del semidesierto queretano

<p>EN EL ESTADO DE QUERÉTARO SE DESCUBRE PARTE DE LA HISTORIA DE LA<br />
VIDA INDÍGENA DEL PAÍS. ENTRE TRADICIONES Y COSTUMBRES, este trabajo nos inserta en la dimensión cultural de los otomíes, específicamente<br />
aquellos que se encuentran asentados en el norte del estado de Querétaro y referidos en esta monografía como los otomíes del semidesierto<br />
queretano.</p>

<p>EN EL ESTADO DE QUERÉTARO SE DESCUBRE PARTE DE LA HISTORIA DE LA VIDA INDÍGENA DEL PAÍS. ENTRE TRADICIONES Y COSTUMBRES, este trabajo nos inserta en la dimensión cultural de los otomíes, específicamente aquellos que se encuentran asentados en el norte del estado de Querétaro y referidos en esta monografía como los otomíes del semidesierto [&hellip;]</p>
