{"id":4357,"date":"2025-11-19T20:01:43","date_gmt":"2025-11-19T19:01:43","guid":{"rendered":"https:\/\/cefoindigena.org\/herramienta\/reconocimiento-sin-implementacion-un-balance-sobre-los-derechos-de-los-pueblos-indigenas-en-america-latina\/"},"modified":"2025-11-19T20:01:43","modified_gmt":"2025-11-19T19:01:43","slug":"reconocimiento-sin-implementacion-un-balance-sobre-los-derechos-de-los-pueblos-indigenas-en-america-latina","status":"publish","type":"herramienta","link":"https:\/\/cefoindigena.org\/en\/herramienta\/reconocimiento-sin-implementacion-un-balance-sobre-los-derechos-de-los-pueblos-indigenas-en-america-latina\/","title":{"rendered":"Reconocimiento sin implementaci\u00f3n Un balance sobre los derechos de los pueblos ind\u00edgenas en Am\u00e9rica Latina"},"content":{"rendered":"<p>Estudio  publicado en la revista Mexicana de Ciencias Pol\u00edticas y sociales, UNAM. Un balance sobre los derechos de los pueblos ind\u00edgenas. La brecha de implementaci\u00f3n y el caso de los derechos<\/p>","protected":false},"excerpt":{"rendered":"<p>Estudio publicado en la revista Mexicana de Ciencias Pol\u00edticas y sociales, UNAM. Un balance sobre los derechos de los pueblos ind\u00edgenas. La brecha de implementaci\u00f3n y el caso de los derechos<\/p>","protected":false},"featured_media":0,"template":"","meta":{"_acf_changed":false},"categoria":[],"pais":[],"tipo-de-documento":[],"class_list":["post-4357","herramienta","type-herramienta","status-publish","hentry"],"acf":[],"_links":{"self":[{"href":"https:\/\/cefoindigena.org\/en\/wp-json\/wp\/v2\/herramienta\/4357","targetHints":{"allow":["GET"]}}],"collection":[{"href":"https:\/\/cefoindigena.org\/en\/wp-json\/wp\/v2\/herramienta"}],"about":[{"href":"https:\/\/cefoindigena.org\/en\/wp-json\/wp\/v2\/types\/herramienta"}],"wp:attachment":[{"href":"https:\/\/cefoindigena.org\/en\/wp-json\/wp\/v2\/media?parent=4357"}],"wp:term":[{"taxonomy":"categoria","embeddable":true,"href":"https:\/\/cefoindigena.org\/en\/wp-json\/wp\/v2\/categoria?post=4357"},{"taxonomy":"pais","embeddable":true,"href":"https:\/\/cefoindigena.org\/en\/wp-json\/wp\/v2\/pais?post=4357"},{"taxonomy":"tipo-de-documento","embeddable":true,"href":"https:\/\/cefoindigena.org\/en\/wp-json\/wp\/v2\/tipo-de-documento?post=4357"}],"curies":[{"name":"wp","href":"https:\/\/api.w.org\/{rel}","templated":true}]}}

Reconocimiento sin implementación Un balance sobre los derechos de los pueblos indígenas en América Latina

<p>Estudio  publicado en la revista Mexicana de Ciencias Políticas y sociales, UNAM. Un balance sobre los derechos de los pueblos indígenas. La brecha de implementación y el caso de los derechos</p>

<p>Estudio publicado en la revista Mexicana de Ciencias Políticas y sociales, UNAM. Un balance sobre los derechos de los pueblos indígenas. La brecha de implementación y el caso de los derechos</p>
