{"id":4439,"date":"2025-11-19T20:02:03","date_gmt":"2025-11-19T19:02:03","guid":{"rendered":"https:\/\/cefoindigena.org\/herramienta\/una-mirada-indigena-sobre-el-derecho-a-la-consulta\/"},"modified":"2025-11-19T20:02:03","modified_gmt":"2025-11-19T19:02:03","slug":"una-mirada-indigena-sobre-el-derecho-a-la-consulta","status":"publish","type":"herramienta","link":"https:\/\/cefoindigena.org\/en\/herramienta\/una-mirada-indigena-sobre-el-derecho-a-la-consulta\/","title":{"rendered":"Una mirada ind\u00edgena sobre el derecho a la consulta"},"content":{"rendered":"<p>Memoria del Taller Estrat\u00e9gico sobre Protocolos de Consulta, realizado en la ciudad de Tegucigalpa (Honduras) los d\u00edas 7 y 8 de noviembre del 2018. Coalici\u00f3n Regional por la Transparencia y la Participaci\u00f3n y Derecho, Ambiente y Recursos Naturales &#8211; DAR<\/p>","protected":false},"excerpt":{"rendered":"<p>Memoria del Taller Estrat\u00e9gico sobre Protocolos de Consulta, realizado en la ciudad de Tegucigalpa (Honduras) los d\u00edas 7 y 8 de noviembre del 2018. Coalici\u00f3n Regional por la Transparencia y la Participaci\u00f3n y Derecho, Ambiente y Recursos Naturales &#8211; DAR<\/p>","protected":false},"featured_media":0,"template":"","meta":{"_acf_changed":false},"categoria":[],"pais":[15],"tipo-de-documento":[],"class_list":["post-4439","herramienta","type-herramienta","status-publish","hentry","pais-peru"],"acf":[],"_links":{"self":[{"href":"https:\/\/cefoindigena.org\/en\/wp-json\/wp\/v2\/herramienta\/4439","targetHints":{"allow":["GET"]}}],"collection":[{"href":"https:\/\/cefoindigena.org\/en\/wp-json\/wp\/v2\/herramienta"}],"about":[{"href":"https:\/\/cefoindigena.org\/en\/wp-json\/wp\/v2\/types\/herramienta"}],"wp:attachment":[{"href":"https:\/\/cefoindigena.org\/en\/wp-json\/wp\/v2\/media?parent=4439"}],"wp:term":[{"taxonomy":"categoria","embeddable":true,"href":"https:\/\/cefoindigena.org\/en\/wp-json\/wp\/v2\/categoria?post=4439"},{"taxonomy":"pais","embeddable":true,"href":"https:\/\/cefoindigena.org\/en\/wp-json\/wp\/v2\/pais?post=4439"},{"taxonomy":"tipo-de-documento","embeddable":true,"href":"https:\/\/cefoindigena.org\/en\/wp-json\/wp\/v2\/tipo-de-documento?post=4439"}],"curies":[{"name":"wp","href":"https:\/\/api.w.org\/{rel}","templated":true}]}}

Una mirada indígena sobre el derecho a la consulta

<p>Memoria del Taller Estratégico sobre Protocolos de Consulta, realizado en la ciudad de Tegucigalpa (Honduras) los días 7 y 8 de noviembre del 2018. Coalición Regional por la Transparencia y la Participación y Derecho, Ambiente y Recursos Naturales &#8211; DAR</p>
