{"id":4440,"date":"2025-11-19T20:02:04","date_gmt":"2025-11-19T19:02:04","guid":{"rendered":"https:\/\/cefoindigena.org\/herramienta\/universalizar-el-acceso-a-las-tecnologias-digitales-para-enfrentar-los-efectos-del-covid-19\/"},"modified":"2025-11-19T20:02:04","modified_gmt":"2025-11-19T19:02:04","slug":"universalizar-el-acceso-a-las-tecnologias-digitales-para-enfrentar-los-efectos-del-covid-19","status":"publish","type":"herramienta","link":"https:\/\/cefoindigena.org\/en\/herramienta\/universalizar-el-acceso-a-las-tecnologias-digitales-para-enfrentar-los-efectos-del-covid-19\/","title":{"rendered":"Universalizar el acceso a las tecnolog\u00edas digitales para enfrentar los efectos del COVID-19"},"content":{"rendered":"<p>Las tecnolog\u00edas digitales han sido esenciales para el funcionamiento de la econom\u00eda y la sociedad durante la crisis de la pandemia de la enfermedad por coronavirus (COVID-19). Las redes y la infraestructura de comunicaciones se utilizan de manera cada vez m\u00e1s intensiva para actividades productivas, educacionales, de la salud, y de relacionamiento y entretenimiento. Avances que se preve\u00eda que demorar\u00edan a\u00f1os en concretarse, se han producido en pocos meses.<\/p>","protected":false},"excerpt":{"rendered":"<p>Las tecnolog\u00edas digitales han sido esenciales para el funcionamiento de la econom\u00eda y la sociedad durante la crisis de la pandemia de la enfermedad por coronavirus (COVID-19). Las redes y la infraestructura de comunicaciones se utilizan de manera cada vez m\u00e1s intensiva para actividades productivas, educacionales, de la salud, y de relacionamiento y entretenimiento. Avances [&hellip;]<\/p>\n","protected":false},"featured_media":0,"template":"","meta":{"_acf_changed":false},"categoria":[],"pais":[],"tipo-de-documento":[],"class_list":["post-4440","herramienta","type-herramienta","status-publish","hentry"],"acf":[],"_links":{"self":[{"href":"https:\/\/cefoindigena.org\/en\/wp-json\/wp\/v2\/herramienta\/4440","targetHints":{"allow":["GET"]}}],"collection":[{"href":"https:\/\/cefoindigena.org\/en\/wp-json\/wp\/v2\/herramienta"}],"about":[{"href":"https:\/\/cefoindigena.org\/en\/wp-json\/wp\/v2\/types\/herramienta"}],"wp:attachment":[{"href":"https:\/\/cefoindigena.org\/en\/wp-json\/wp\/v2\/media?parent=4440"}],"wp:term":[{"taxonomy":"categoria","embeddable":true,"href":"https:\/\/cefoindigena.org\/en\/wp-json\/wp\/v2\/categoria?post=4440"},{"taxonomy":"pais","embeddable":true,"href":"https:\/\/cefoindigena.org\/en\/wp-json\/wp\/v2\/pais?post=4440"},{"taxonomy":"tipo-de-documento","embeddable":true,"href":"https:\/\/cefoindigena.org\/en\/wp-json\/wp\/v2\/tipo-de-documento?post=4440"}],"curies":[{"name":"wp","href":"https:\/\/api.w.org\/{rel}","templated":true}]}}

Universalizar el acceso a las tecnologías digitales para enfrentar los efectos del COVID-19

<p>Las tecnologías digitales han sido esenciales para el funcionamiento de la economía y la sociedad durante la crisis de la pandemia de la enfermedad por coronavirus (COVID-19). Las redes y la infraestructura de comunicaciones se utilizan de manera cada vez más intensiva para actividades productivas, educacionales, de la salud, y de relacionamiento y entretenimiento. Avances que se preveía que demorarían años en concretarse, se han producido en pocos meses.</p>

<p>Las tecnologías digitales han sido esenciales para el funcionamiento de la economía y la sociedad durante la crisis de la pandemia de la enfermedad por coronavirus (COVID-19). Las redes y la infraestructura de comunicaciones se utilizan de manera cada vez más intensiva para actividades productivas, educacionales, de la salud, y de relacionamiento y entretenimiento. Avances [&hellip;]</p>
