{"id":4442,"date":"2025-11-19T20:02:04","date_gmt":"2025-11-19T19:02:04","guid":{"rendered":"https:\/\/cefoindigena.org\/herramienta\/valoracion-economica-del-aporte-de-las-areas-protegidas-a-la-nueva-matriz-energetica-del-ecuador-sector-hidroelectrico\/"},"modified":"2025-11-19T20:02:04","modified_gmt":"2025-11-19T19:02:04","slug":"valoracion-economica-del-aporte-de-las-areas-protegidas-a-la-nueva-matriz-energetica-del-ecuador-sector-hidroelectrico","status":"publish","type":"herramienta","link":"https:\/\/cefoindigena.org\/en\/herramienta\/valoracion-economica-del-aporte-de-las-areas-protegidas-a-la-nueva-matriz-energetica-del-ecuador-sector-hidroelectrico\/","title":{"rendered":"Valoraci\u00f3n Econ\u00f3mica del Aporte de las \u00c1reas Protegidas a la Nueva Matriz Energ\u00e9tica del Ecuador: Sector Hidroel\u00e9ctrico"},"content":{"rendered":"<p>Este estudio Identifica el aporte de los ecosistemas naturales en la generaci\u00f3n del energ\u00eda hidroel\u00e9ctrica. Compara tres cuencas de drenaje con hidroel\u00e9ctricas importantes y establece los costos de aporte de la vegetaci\u00f3n natural.<\/p>","protected":false},"excerpt":{"rendered":"<p>Este estudio Identifica el aporte de los ecosistemas naturales en la generaci\u00f3n del energ\u00eda hidroel\u00e9ctrica. Compara tres cuencas de drenaje con hidroel\u00e9ctricas importantes y establece los costos de aporte de la vegetaci\u00f3n natural.<\/p>","protected":false},"featured_media":0,"template":"","meta":{"_acf_changed":false},"categoria":[],"pais":[13],"tipo-de-documento":[],"class_list":["post-4442","herramienta","type-herramienta","status-publish","hentry","pais-ecuador"],"acf":[],"_links":{"self":[{"href":"https:\/\/cefoindigena.org\/en\/wp-json\/wp\/v2\/herramienta\/4442","targetHints":{"allow":["GET"]}}],"collection":[{"href":"https:\/\/cefoindigena.org\/en\/wp-json\/wp\/v2\/herramienta"}],"about":[{"href":"https:\/\/cefoindigena.org\/en\/wp-json\/wp\/v2\/types\/herramienta"}],"wp:attachment":[{"href":"https:\/\/cefoindigena.org\/en\/wp-json\/wp\/v2\/media?parent=4442"}],"wp:term":[{"taxonomy":"categoria","embeddable":true,"href":"https:\/\/cefoindigena.org\/en\/wp-json\/wp\/v2\/categoria?post=4442"},{"taxonomy":"pais","embeddable":true,"href":"https:\/\/cefoindigena.org\/en\/wp-json\/wp\/v2\/pais?post=4442"},{"taxonomy":"tipo-de-documento","embeddable":true,"href":"https:\/\/cefoindigena.org\/en\/wp-json\/wp\/v2\/tipo-de-documento?post=4442"}],"curies":[{"name":"wp","href":"https:\/\/api.w.org\/{rel}","templated":true}]}}

Valoración Económica del Aporte de las Áreas Protegidas a la Nueva Matriz Energética del Ecuador: Sector Hidroeléctrico

<p>Este estudio Identifica el aporte de los ecosistemas naturales en la generación del energía hidroeléctrica. Compara tres cuencas de drenaje con hidroeléctricas importantes y establece los costos de aporte de la vegetación natural.</p>
