{"id":4443,"date":"2025-11-19T20:02:04","date_gmt":"2025-11-19T19:02:04","guid":{"rendered":"https:\/\/cefoindigena.org\/herramienta\/valoracion-economica-del-bosque-protector-de-la-reserva-etnobotanica-cumanda\/"},"modified":"2025-11-19T20:02:04","modified_gmt":"2025-11-19T19:02:04","slug":"valoracion-economica-del-bosque-protector-de-la-reserva-etnobotanica-cumanda","status":"publish","type":"herramienta","link":"https:\/\/cefoindigena.org\/en\/herramienta\/valoracion-economica-del-bosque-protector-de-la-reserva-etnobotanica-cumanda\/","title":{"rendered":"Valoraci\u00f3n econ\u00f3mica del Bosque Protector de la Reserva Etnobot\u00e1nica Cumand\u00e1"},"content":{"rendered":"<p>Documento de referencia para la valoraci\u00f3n econ\u00f3mica de los servicios ambientales de la naturaleza<\/p>","protected":false},"excerpt":{"rendered":"<p>Documento de referencia para la valoraci\u00f3n econ\u00f3mica de los servicios ambientales de la naturaleza<\/p>","protected":false},"featured_media":0,"template":"","meta":{"_acf_changed":false},"categoria":[],"pais":[13],"tipo-de-documento":[],"class_list":["post-4443","herramienta","type-herramienta","status-publish","hentry","pais-ecuador"],"acf":[],"_links":{"self":[{"href":"https:\/\/cefoindigena.org\/en\/wp-json\/wp\/v2\/herramienta\/4443","targetHints":{"allow":["GET"]}}],"collection":[{"href":"https:\/\/cefoindigena.org\/en\/wp-json\/wp\/v2\/herramienta"}],"about":[{"href":"https:\/\/cefoindigena.org\/en\/wp-json\/wp\/v2\/types\/herramienta"}],"wp:attachment":[{"href":"https:\/\/cefoindigena.org\/en\/wp-json\/wp\/v2\/media?parent=4443"}],"wp:term":[{"taxonomy":"categoria","embeddable":true,"href":"https:\/\/cefoindigena.org\/en\/wp-json\/wp\/v2\/categoria?post=4443"},{"taxonomy":"pais","embeddable":true,"href":"https:\/\/cefoindigena.org\/en\/wp-json\/wp\/v2\/pais?post=4443"},{"taxonomy":"tipo-de-documento","embeddable":true,"href":"https:\/\/cefoindigena.org\/en\/wp-json\/wp\/v2\/tipo-de-documento?post=4443"}],"curies":[{"name":"wp","href":"https:\/\/api.w.org\/{rel}","templated":true}]}}

Valoración económica del Bosque Protector de la Reserva Etnobotánica Cumandá

<p>Documento de referencia para la valoración económica de los servicios ambientales de la naturaleza</p>
