{"id":4450,"date":"2025-11-19T20:02:06","date_gmt":"2025-11-19T19:02:06","guid":{"rendered":"https:\/\/cefoindigena.org\/herramienta\/version-en-mixteco-de-la-costa-central-de-oaxaca-guia-para-la-atencion-de-pueblos-y-comunidades-indigenas-y-afromexicanas-ante-la-emergencia-sanitaria-generada-por-el-virus-sars-cov-2-covid-19\/"},"modified":"2025-11-19T20:02:06","modified_gmt":"2025-11-19T19:02:06","slug":"version-en-mixteco-de-la-costa-central-de-oaxaca-guia-para-la-atencion-de-pueblos-y-comunidades-indigenas-y-afromexicanas-ante-la-emergencia-sanitaria-generada-por-el-virus-sars-cov-2-covid-19","status":"publish","type":"herramienta","link":"https:\/\/cefoindigena.org\/en\/herramienta\/version-en-mixteco-de-la-costa-central-de-oaxaca-guia-para-la-atencion-de-pueblos-y-comunidades-indigenas-y-afromexicanas-ante-la-emergencia-sanitaria-generada-por-el-virus-sars-cov-2-covid-19\/","title":{"rendered":"Versi\u00f3n en mixteco de la Costa Central de Oaxaca: Gu\u00eda para la Atenci\u00f3n de Pueblos y Comunidades Ind\u00edgenas y Afromexicanas ante la emergencia sanitaria generada por el virus SARS-CoV-2 (COVID-19)"},"content":{"rendered":"","protected":false},"excerpt":{"rendered":"","protected":false},"featured_media":0,"template":"","meta":{"_acf_changed":false},"categoria":[],"pais":[19],"tipo-de-documento":[],"class_list":["post-4450","herramienta","type-herramienta","status-publish","hentry","pais-mexico"],"acf":[],"_links":{"self":[{"href":"https:\/\/cefoindigena.org\/en\/wp-json\/wp\/v2\/herramienta\/4450","targetHints":{"allow":["GET"]}}],"collection":[{"href":"https:\/\/cefoindigena.org\/en\/wp-json\/wp\/v2\/herramienta"}],"about":[{"href":"https:\/\/cefoindigena.org\/en\/wp-json\/wp\/v2\/types\/herramienta"}],"wp:attachment":[{"href":"https:\/\/cefoindigena.org\/en\/wp-json\/wp\/v2\/media?parent=4450"}],"wp:term":[{"taxonomy":"categoria","embeddable":true,"href":"https:\/\/cefoindigena.org\/en\/wp-json\/wp\/v2\/categoria?post=4450"},{"taxonomy":"pais","embeddable":true,"href":"https:\/\/cefoindigena.org\/en\/wp-json\/wp\/v2\/pais?post=4450"},{"taxonomy":"tipo-de-documento","embeddable":true,"href":"https:\/\/cefoindigena.org\/en\/wp-json\/wp\/v2\/tipo-de-documento?post=4450"}],"curies":[{"name":"wp","href":"https:\/\/api.w.org\/{rel}","templated":true}]}}

Versión en mixteco de la Costa Central de Oaxaca: Guía para la Atención de Pueblos y Comunidades Indígenas y Afromexicanas ante la emergencia sanitaria generada por el virus SARS-CoV-2 (COVID-19)
