{"id":4456,"date":"2025-11-19T20:02:07","date_gmt":"2025-11-19T19:02:07","guid":{"rendered":"https:\/\/cefoindigena.org\/herramienta\/vigilando-el-racismo-en-ecuador-cuatro-casos-de-observacion-comunitaria\/"},"modified":"2025-11-19T20:02:07","modified_gmt":"2025-11-19T19:02:07","slug":"vigilando-el-racismo-en-ecuador-cuatro-casos-de-observacion-comunitaria","status":"publish","type":"herramienta","link":"https:\/\/cefoindigena.org\/en\/herramienta\/vigilando-el-racismo-en-ecuador-cuatro-casos-de-observacion-comunitaria\/","title":{"rendered":"VIGILANDO EL RACISMO EN ECUADOR, CUATRO CASOS DE OBSERVACI\u00d3N COMUNITARIA"},"content":{"rendered":"<p>\u00abEl objetivo de este proyecto de investigaci\u00f3n fue impulsar, en el \u00e1mbito local de las comunidades afrodescendientes e ind\u00edgenas, pr\u00e1cticas comunitarias de observaci\u00f3n cr\u00edtica a la implementaci\u00f3n de las pol\u00edticas p\u00fablicas contra el racismo y la discriminaci\u00f3n racial. El proyecto de investigaci\u00f3n centr\u00f3 su inter\u00e9s en el impacto de las pol\u00edticas p\u00fablicas contra el racismo y la discriminaci\u00f3n aplicadas por el Gobierno ecuatoriano, en especial, sobre el Plan Plurinacional contra el Racismo y la Exclusi\u00f3n \u00c9tnica (2009-2012) y el Decreto 60 de 2009.\u00bb<\/p>","protected":false},"excerpt":{"rendered":"<p>\u00abEl objetivo de este proyecto de investigaci\u00f3n fue impulsar, en el \u00e1mbito local de las comunidades afrodescendientes e ind\u00edgenas, pr\u00e1cticas comunitarias de observaci\u00f3n cr\u00edtica a la implementaci\u00f3n de las pol\u00edticas p\u00fablicas contra el racismo y la discriminaci\u00f3n racial. El proyecto de investigaci\u00f3n centr\u00f3 su inter\u00e9s en el impacto de las pol\u00edticas p\u00fablicas contra el racismo [&hellip;]<\/p>\n","protected":false},"featured_media":0,"template":"","meta":{"_acf_changed":false},"categoria":[],"pais":[13],"tipo-de-documento":[],"class_list":["post-4456","herramienta","type-herramienta","status-publish","hentry","pais-ecuador"],"acf":[],"_links":{"self":[{"href":"https:\/\/cefoindigena.org\/en\/wp-json\/wp\/v2\/herramienta\/4456","targetHints":{"allow":["GET"]}}],"collection":[{"href":"https:\/\/cefoindigena.org\/en\/wp-json\/wp\/v2\/herramienta"}],"about":[{"href":"https:\/\/cefoindigena.org\/en\/wp-json\/wp\/v2\/types\/herramienta"}],"wp:attachment":[{"href":"https:\/\/cefoindigena.org\/en\/wp-json\/wp\/v2\/media?parent=4456"}],"wp:term":[{"taxonomy":"categoria","embeddable":true,"href":"https:\/\/cefoindigena.org\/en\/wp-json\/wp\/v2\/categoria?post=4456"},{"taxonomy":"pais","embeddable":true,"href":"https:\/\/cefoindigena.org\/en\/wp-json\/wp\/v2\/pais?post=4456"},{"taxonomy":"tipo-de-documento","embeddable":true,"href":"https:\/\/cefoindigena.org\/en\/wp-json\/wp\/v2\/tipo-de-documento?post=4456"}],"curies":[{"name":"wp","href":"https:\/\/api.w.org\/{rel}","templated":true}]}}

VIGILANDO EL RACISMO EN ECUADOR, CUATRO CASOS DE OBSERVACIÓN COMUNITARIA

<p>«El objetivo de este proyecto de investigación fue impulsar, en el ámbito local de las comunidades afrodescendientes e indígenas, prácticas comunitarias de observación crítica a la implementación de las políticas públicas contra el racismo y la discriminación racial. El proyecto de investigación centró su interés en el impacto de las políticas públicas contra el racismo y la discriminación aplicadas por el Gobierno ecuatoriano, en especial, sobre el Plan Plurinacional contra el Racismo y la Exclusión Étnica (2009-2012) y el Decreto 60 de 2009.»</p>

<p>«El objetivo de este proyecto de investigación fue impulsar, en el ámbito local de las comunidades afrodescendientes e indígenas, prácticas comunitarias de observación crítica a la implementación de las políticas públicas contra el racismo y la discriminación racial. El proyecto de investigación centró su interés en el impacto de las políticas públicas contra el racismo [&hellip;]</p>
