{"id":4458,"date":"2025-11-19T20:02:07","date_gmt":"2025-11-19T19:02:07","guid":{"rendered":"https:\/\/cefoindigena.org\/herramienta\/violencia-y-discriminacion-contra-mujeres-ninas-y-adolescentes-buenas-practicas-y-desafios-en-america-latina-y-el-caribe\/"},"modified":"2025-11-19T20:02:07","modified_gmt":"2025-11-19T19:02:07","slug":"violencia-y-discriminacion-contra-mujeres-ninas-y-adolescentes-buenas-practicas-y-desafios-en-america-latina-y-el-caribe","status":"publish","type":"herramienta","link":"https:\/\/cefoindigena.org\/en\/herramienta\/violencia-y-discriminacion-contra-mujeres-ninas-y-adolescentes-buenas-practicas-y-desafios-en-america-latina-y-el-caribe\/","title":{"rendered":"Violencia y Discriminaci\u00f3n contra mujeres, ni\u00f1as y adolescentes ; Buenas practicas y desaf\u00edos en Am\u00e9rica Latina y el Caribe"},"content":{"rendered":"<p>CIDH ha considerado pertinente la elaboraci\u00f3n de un informe que identifique y analice los avances m\u00e1s significativos, los principales desaf\u00edos pendientes y las buenas pr\u00e1cticas existentes en el cumplimiento de sus recomendaciones en materia de violencia y discriminaci\u00f3n contra mujeres, ni\u00f1as y adolescentes, desde un enfoque interseccional y especialmente focalizado en las causas y consecuencias de estas violaciones a los derechos humanos de las mujeres, ni\u00f1as y adolescentes.<\/p>","protected":false},"excerpt":{"rendered":"<p>CIDH ha considerado pertinente la elaboraci\u00f3n de un informe que identifique y analice los avances m\u00e1s significativos, los principales desaf\u00edos pendientes y las buenas pr\u00e1cticas existentes en el cumplimiento de sus recomendaciones en materia de violencia y discriminaci\u00f3n contra mujeres, ni\u00f1as y adolescentes, desde un enfoque interseccional y especialmente focalizado en las causas y consecuencias [&hellip;]<\/p>\n","protected":false},"featured_media":0,"template":"","meta":{"_acf_changed":false},"categoria":[],"pais":[],"tipo-de-documento":[],"class_list":["post-4458","herramienta","type-herramienta","status-publish","hentry"],"acf":[],"_links":{"self":[{"href":"https:\/\/cefoindigena.org\/en\/wp-json\/wp\/v2\/herramienta\/4458","targetHints":{"allow":["GET"]}}],"collection":[{"href":"https:\/\/cefoindigena.org\/en\/wp-json\/wp\/v2\/herramienta"}],"about":[{"href":"https:\/\/cefoindigena.org\/en\/wp-json\/wp\/v2\/types\/herramienta"}],"wp:attachment":[{"href":"https:\/\/cefoindigena.org\/en\/wp-json\/wp\/v2\/media?parent=4458"}],"wp:term":[{"taxonomy":"categoria","embeddable":true,"href":"https:\/\/cefoindigena.org\/en\/wp-json\/wp\/v2\/categoria?post=4458"},{"taxonomy":"pais","embeddable":true,"href":"https:\/\/cefoindigena.org\/en\/wp-json\/wp\/v2\/pais?post=4458"},{"taxonomy":"tipo-de-documento","embeddable":true,"href":"https:\/\/cefoindigena.org\/en\/wp-json\/wp\/v2\/tipo-de-documento?post=4458"}],"curies":[{"name":"wp","href":"https:\/\/api.w.org\/{rel}","templated":true}]}}

Violencia y Discriminación contra mujeres, niñas y adolescentes ; Buenas practicas y desafíos en América Latina y el Caribe

<p>CIDH ha considerado pertinente la elaboración de un informe que identifique y analice los avances más significativos, los principales desafíos pendientes y las buenas prácticas existentes en el cumplimiento de sus recomendaciones en materia de violencia y discriminación contra mujeres, niñas y adolescentes, desde un enfoque interseccional y especialmente focalizado en las causas y consecuencias de estas violaciones a los derechos humanos de las mujeres, niñas y adolescentes.</p>

<p>CIDH ha considerado pertinente la elaboración de un informe que identifique y analice los avances más significativos, los principales desafíos pendientes y las buenas prácticas existentes en el cumplimiento de sus recomendaciones en materia de violencia y discriminación contra mujeres, niñas y adolescentes, desde un enfoque interseccional y especialmente focalizado en las causas y consecuencias [&hellip;]</p>
