{"id":4459,"date":"2025-11-19T20:02:07","date_gmt":"2025-11-19T19:02:07","guid":{"rendered":"https:\/\/cefoindigena.org\/herramienta\/violencia-generos-y-derechos-en-el-territorio\/"},"modified":"2025-11-19T20:02:07","modified_gmt":"2025-11-19T19:02:07","slug":"violencia-generos-y-derechos-en-el-territorio","status":"publish","type":"herramienta","link":"https:\/\/cefoindigena.org\/en\/herramienta\/violencia-generos-y-derechos-en-el-territorio\/","title":{"rendered":"Violencia, g\u00e9neros y derechos en el territorio"},"content":{"rendered":"<p>El presente trabajo recoge diversas situaciones de la mujeres ante la violencia. Su importancia radica  que en el presente libro se encuentra un capitulo denominado \u00abMujeres ind\u00edgenas y las diversidades<br \/>\nsexuales en la agenda de los gobiernos locales\u00bb , donde se hace una breve aproximaci\u00f3n de la situaci\u00f3n de la mujeres y de las diversidades sexuales que viven en el \u00e1mbito rural, es decir, campesinas e ind\u00edgenas; no obstante se pone \u00e9nfasis en las mujeres kichwas de la provincia de Sucumb\u00edos.<\/p>","protected":false},"excerpt":{"rendered":"<p>El presente trabajo recoge diversas situaciones de la mujeres ante la violencia. Su importancia radica que en el presente libro se encuentra un capitulo denominado \u00abMujeres ind\u00edgenas y las diversidades sexuales en la agenda de los gobiernos locales\u00bb , donde se hace una breve aproximaci\u00f3n de la situaci\u00f3n de la mujeres y de las diversidades [&hellip;]<\/p>\n","protected":false},"featured_media":0,"template":"","meta":{"_acf_changed":false},"categoria":[],"pais":[13],"tipo-de-documento":[],"class_list":["post-4459","herramienta","type-herramienta","status-publish","hentry","pais-ecuador"],"acf":[],"_links":{"self":[{"href":"https:\/\/cefoindigena.org\/en\/wp-json\/wp\/v2\/herramienta\/4459","targetHints":{"allow":["GET"]}}],"collection":[{"href":"https:\/\/cefoindigena.org\/en\/wp-json\/wp\/v2\/herramienta"}],"about":[{"href":"https:\/\/cefoindigena.org\/en\/wp-json\/wp\/v2\/types\/herramienta"}],"wp:attachment":[{"href":"https:\/\/cefoindigena.org\/en\/wp-json\/wp\/v2\/media?parent=4459"}],"wp:term":[{"taxonomy":"categoria","embeddable":true,"href":"https:\/\/cefoindigena.org\/en\/wp-json\/wp\/v2\/categoria?post=4459"},{"taxonomy":"pais","embeddable":true,"href":"https:\/\/cefoindigena.org\/en\/wp-json\/wp\/v2\/pais?post=4459"},{"taxonomy":"tipo-de-documento","embeddable":true,"href":"https:\/\/cefoindigena.org\/en\/wp-json\/wp\/v2\/tipo-de-documento?post=4459"}],"curies":[{"name":"wp","href":"https:\/\/api.w.org\/{rel}","templated":true}]}}

Violencia, géneros y derechos en el territorio

<p>El presente trabajo recoge diversas situaciones de la mujeres ante la violencia. Su importancia radica  que en el presente libro se encuentra un capitulo denominado «Mujeres indígenas y las diversidades<br />
sexuales en la agenda de los gobiernos locales» , donde se hace una breve aproximación de la situación de la mujeres y de las diversidades sexuales que viven en el ámbito rural, es decir, campesinas e indígenas; no obstante se pone énfasis en las mujeres kichwas de la provincia de Sucumbíos.</p>

<p>El presente trabajo recoge diversas situaciones de la mujeres ante la violencia. Su importancia radica que en el presente libro se encuentra un capitulo denominado «Mujeres indígenas y las diversidades sexuales en la agenda de los gobiernos locales» , donde se hace una breve aproximación de la situación de la mujeres y de las diversidades [&hellip;]</p>
