{"id":4460,"date":"2025-11-19T20:02:09","date_gmt":"2025-11-19T19:02:09","guid":{"rendered":"https:\/\/cefoindigena.org\/herramienta\/visita-al-ecuador-informe-de-la-relatora-especial-sobre-los-derechos-de-los-pueblos-indigenas\/"},"modified":"2025-11-19T20:02:09","modified_gmt":"2025-11-19T19:02:09","slug":"visita-al-ecuador-informe-de-la-relatora-especial-sobre-los-derechos-de-los-pueblos-indigenas","status":"publish","type":"herramienta","link":"https:\/\/cefoindigena.org\/en\/herramienta\/visita-al-ecuador-informe-de-la-relatora-especial-sobre-los-derechos-de-los-pueblos-indigenas\/","title":{"rendered":"VISITA AL ECUADOR &#8211; Informe de la Relatora Especial sobre los derechos de los pueblos ind\u00edgenas"},"content":{"rendered":"<p>En el informe se examina la situaci\u00f3n de los pueblos ind\u00edgenas en el Ecuador<br \/>\ncon base en la informaci\u00f3n recibida por la Relatora Especial durante su visita del 19 al<br \/>\n29 de noviembre de 2018.<\/p>","protected":false},"excerpt":{"rendered":"<p>En el informe se examina la situaci\u00f3n de los pueblos ind\u00edgenas en el Ecuador con base en la informaci\u00f3n recibida por la Relatora Especial durante su visita del 19 al 29 de noviembre de 2018.<\/p>","protected":false},"featured_media":0,"template":"","meta":{"_acf_changed":false},"categoria":[],"pais":[13],"tipo-de-documento":[],"class_list":["post-4460","herramienta","type-herramienta","status-publish","hentry","pais-ecuador"],"acf":[],"_links":{"self":[{"href":"https:\/\/cefoindigena.org\/en\/wp-json\/wp\/v2\/herramienta\/4460","targetHints":{"allow":["GET"]}}],"collection":[{"href":"https:\/\/cefoindigena.org\/en\/wp-json\/wp\/v2\/herramienta"}],"about":[{"href":"https:\/\/cefoindigena.org\/en\/wp-json\/wp\/v2\/types\/herramienta"}],"wp:attachment":[{"href":"https:\/\/cefoindigena.org\/en\/wp-json\/wp\/v2\/media?parent=4460"}],"wp:term":[{"taxonomy":"categoria","embeddable":true,"href":"https:\/\/cefoindigena.org\/en\/wp-json\/wp\/v2\/categoria?post=4460"},{"taxonomy":"pais","embeddable":true,"href":"https:\/\/cefoindigena.org\/en\/wp-json\/wp\/v2\/pais?post=4460"},{"taxonomy":"tipo-de-documento","embeddable":true,"href":"https:\/\/cefoindigena.org\/en\/wp-json\/wp\/v2\/tipo-de-documento?post=4460"}],"curies":[{"name":"wp","href":"https:\/\/api.w.org\/{rel}","templated":true}]}}

VISITA AL ECUADOR &#8211; Informe de la Relatora Especial sobre los derechos de los pueblos indígenas

<p>En el informe se examina la situación de los pueblos indígenas en el Ecuador<br />
con base en la información recibida por la Relatora Especial durante su visita del 19 al<br />
29 de noviembre de 2018.</p>

<p>En el informe se examina la situación de los pueblos indígenas en el Ecuador con base en la información recibida por la Relatora Especial durante su visita del 19 al 29 de noviembre de 2018.</p>
