{"id":4462,"date":"2025-11-19T20:02:09","date_gmt":"2025-11-19T19:02:09","guid":{"rendered":"https:\/\/cefoindigena.org\/herramienta\/voces-y-experiencias-de-la-ninez-y-adolescencia-venezolana-migrante-en-brasil-colombia-ecuador-y-peru\/"},"modified":"2025-11-19T20:02:09","modified_gmt":"2025-11-19T19:02:09","slug":"voces-y-experiencias-de-la-ninez-y-adolescencia-venezolana-migrante-en-brasil-colombia-ecuador-y-peru","status":"publish","type":"herramienta","link":"https:\/\/cefoindigena.org\/en\/herramienta\/voces-y-experiencias-de-la-ninez-y-adolescencia-venezolana-migrante-en-brasil-colombia-ecuador-y-peru\/","title":{"rendered":"Voces y experiencias de la ni\u00f1ez y adolescencia venezolana migrante en Brasil, Colombia, Ecuador y Per\u00fa"},"content":{"rendered":"<p>Este documento analiza la situaci\u00f3n de la migraci\u00f3n venezolana a pa\u00edses como Colombia, Brasil, Per\u00fa y Ecuador. Su importancia radica en que   incluye datos estad\u00edsticos de la poblaci\u00f3n  ind\u00edgena inmigrante, visibilizando de esta manera la problem\u00e1tica y la situaci\u00f3n de vulneraci\u00f3n en que se encuentran inmersos las personas indigenas..<\/p>","protected":false},"excerpt":{"rendered":"<p>Este documento analiza la situaci\u00f3n de la migraci\u00f3n venezolana a pa\u00edses como Colombia, Brasil, Per\u00fa y Ecuador. Su importancia radica en que incluye datos estad\u00edsticos de la poblaci\u00f3n ind\u00edgena inmigrante, visibilizando de esta manera la problem\u00e1tica y la situaci\u00f3n de vulneraci\u00f3n en que se encuentran inmersos las personas indigenas..<\/p>","protected":false},"featured_media":0,"template":"","meta":{"_acf_changed":false},"categoria":[],"pais":[21,14,13,15],"tipo-de-documento":[],"class_list":["post-4462","herramienta","type-herramienta","status-publish","hentry","pais-brasil","pais-colombia","pais-ecuador","pais-peru"],"acf":[],"_links":{"self":[{"href":"https:\/\/cefoindigena.org\/en\/wp-json\/wp\/v2\/herramienta\/4462","targetHints":{"allow":["GET"]}}],"collection":[{"href":"https:\/\/cefoindigena.org\/en\/wp-json\/wp\/v2\/herramienta"}],"about":[{"href":"https:\/\/cefoindigena.org\/en\/wp-json\/wp\/v2\/types\/herramienta"}],"wp:attachment":[{"href":"https:\/\/cefoindigena.org\/en\/wp-json\/wp\/v2\/media?parent=4462"}],"wp:term":[{"taxonomy":"categoria","embeddable":true,"href":"https:\/\/cefoindigena.org\/en\/wp-json\/wp\/v2\/categoria?post=4462"},{"taxonomy":"pais","embeddable":true,"href":"https:\/\/cefoindigena.org\/en\/wp-json\/wp\/v2\/pais?post=4462"},{"taxonomy":"tipo-de-documento","embeddable":true,"href":"https:\/\/cefoindigena.org\/en\/wp-json\/wp\/v2\/tipo-de-documento?post=4462"}],"curies":[{"name":"wp","href":"https:\/\/api.w.org\/{rel}","templated":true}]}}

Voces y experiencias de la niñez y adolescencia venezolana migrante en Brasil, Colombia, Ecuador y Perú

<p>Este documento analiza la situación de la migración venezolana a países como Colombia, Brasil, Perú y Ecuador. Su importancia radica en que   incluye datos estadísticos de la población  indígena inmigrante, visibilizando de esta manera la problemática y la situación de vulneración en que se encuentran inmersos las personas indigenas..</p>

<p>Este documento analiza la situación de la migración venezolana a países como Colombia, Brasil, Perú y Ecuador. Su importancia radica en que incluye datos estadísticos de la población indígena inmigrante, visibilizando de esta manera la problemática y la situación de vulneración en que se encuentran inmersos las personas indigenas..</p>
