{"id":4464,"date":"2025-11-19T20:02:09","date_gmt":"2025-11-19T19:02:09","guid":{"rendered":"https:\/\/cefoindigena.org\/herramienta\/wwf-salvaguardas-ambientales-y-sociales\/"},"modified":"2025-11-19T20:02:09","modified_gmt":"2025-11-19T19:02:09","slug":"wwf-salvaguardas-ambientales-y-sociales","status":"publish","type":"herramienta","link":"https:\/\/cefoindigena.org\/en\/herramienta\/wwf-salvaguardas-ambientales-y-sociales\/","title":{"rendered":"WWF Salvaguardas Ambientales y Sociales"},"content":{"rendered":"<p>En junio de 2019, el Equipo Ejecutivo de la Red WWF acord\u00f3 adoptar el Marco de Salvaguardas Ambientales y Sociales (ESSF) para garantizar una aplicaci\u00f3n integral y coherente de las salvaguardas en toda la red de WWF. Las salvaguardas se dise\u00f1aron como un sistema de gesti\u00f3n de mitigaci\u00f3n de riesgos, pero tambi\u00e9n para aumentar los impactos positivos de nuestro trabajo en el terreno desde la perspectiva de todas las partes interesadas, incluidas las comunidades.<\/p>","protected":false},"excerpt":{"rendered":"<p>En junio de 2019, el Equipo Ejecutivo de la Red WWF acord\u00f3 adoptar el Marco de Salvaguardas Ambientales y Sociales (ESSF) para garantizar una aplicaci\u00f3n integral y coherente de las salvaguardas en toda la red de WWF. Las salvaguardas se dise\u00f1aron como un sistema de gesti\u00f3n de mitigaci\u00f3n de riesgos, pero tambi\u00e9n para aumentar los [&hellip;]<\/p>\n","protected":false},"featured_media":0,"template":"","meta":{"_acf_changed":false},"categoria":[],"pais":[],"tipo-de-documento":[],"class_list":["post-4464","herramienta","type-herramienta","status-publish","hentry"],"acf":[],"_links":{"self":[{"href":"https:\/\/cefoindigena.org\/en\/wp-json\/wp\/v2\/herramienta\/4464","targetHints":{"allow":["GET"]}}],"collection":[{"href":"https:\/\/cefoindigena.org\/en\/wp-json\/wp\/v2\/herramienta"}],"about":[{"href":"https:\/\/cefoindigena.org\/en\/wp-json\/wp\/v2\/types\/herramienta"}],"wp:attachment":[{"href":"https:\/\/cefoindigena.org\/en\/wp-json\/wp\/v2\/media?parent=4464"}],"wp:term":[{"taxonomy":"categoria","embeddable":true,"href":"https:\/\/cefoindigena.org\/en\/wp-json\/wp\/v2\/categoria?post=4464"},{"taxonomy":"pais","embeddable":true,"href":"https:\/\/cefoindigena.org\/en\/wp-json\/wp\/v2\/pais?post=4464"},{"taxonomy":"tipo-de-documento","embeddable":true,"href":"https:\/\/cefoindigena.org\/en\/wp-json\/wp\/v2\/tipo-de-documento?post=4464"}],"curies":[{"name":"wp","href":"https:\/\/api.w.org\/{rel}","templated":true}]}}

<p>En junio de 2019, el Equipo Ejecutivo de la Red WWF acordó adoptar el Marco de Salvaguardas Ambientales y Sociales (ESSF) para garantizar una aplicación integral y coherente de las salvaguardas en toda la red de WWF. Las salvaguardas se diseñaron como un sistema de gestión de mitigación de riesgos, pero también para aumentar los impactos positivos de nuestro trabajo en el terreno desde la perspectiva de todas las partes interesadas, incluidas las comunidades.</p>

<p>En junio de 2019, el Equipo Ejecutivo de la Red WWF acordó adoptar el Marco de Salvaguardas Ambientales y Sociales (ESSF) para garantizar una aplicación integral y coherente de las salvaguardas en toda la red de WWF. Las salvaguardas se diseñaron como un sistema de gestión de mitigación de riesgos, pero también para aumentar los [&hellip;]</p>
