{"id":4466,"date":"2025-11-19T20:02:10","date_gmt":"2025-11-19T19:02:10","guid":{"rendered":"https:\/\/cefoindigena.org\/herramienta\/xipe-totek-kalpul-yestli-sangre-nueva\/"},"modified":"2025-11-19T20:02:10","modified_gmt":"2025-11-19T19:02:10","slug":"xipe-totek-kalpul-yestli-sangre-nueva","status":"publish","type":"herramienta","link":"https:\/\/cefoindigena.org\/en\/herramienta\/xipe-totek-kalpul-yestli-sangre-nueva\/","title":{"rendered":"Xipe Totek Kalpul &#8211; Yestli. Sangre Nueva."},"content":{"rendered":"<p>Nace en el a\u00f1o 2006 con el motivo y objetivo de difundir el<br \/>\nconocimiento que se encuentra en la tradici\u00f3n mexicana contempor\u00e1nea. Tambi\u00e9n parte de la idea de unificar muchos de los<br \/>\nconceptos de vida de los pueblos originarios de Am\u00e9rica.<br \/>\nTodo esto tomando como base un estilo musical fundamentado<br \/>\nen la fuerza que posee el g\u00e9nero de rock, conocido como Metal.<br \/>\nEl objetivo de este proyecto no es s\u00f3lo hacer m\u00fasica, sino en<br \/>\ntodo lo posible, proponer y contribuir de manera cr\u00edtica, objetiva,<br \/>\nrespetuosa y tangible, a la difusi\u00f3n, conservaci\u00f3n, legitimaci\u00f3n y<br \/>\nvalorizaci\u00f3n de la cosmovisi\u00f3n, lengua y cultura de los pueblos<br \/>\noriginarios mexicanos.<\/p>","protected":false},"excerpt":{"rendered":"<p>Nace en el a\u00f1o 2006 con el motivo y objetivo de difundir el conocimiento que se encuentra en la tradici\u00f3n mexicana contempor\u00e1nea. Tambi\u00e9n parte de la idea de unificar muchos de los conceptos de vida de los pueblos originarios de Am\u00e9rica. Todo esto tomando como base un estilo musical fundamentado en la fuerza que posee [&hellip;]<\/p>\n","protected":false},"featured_media":0,"template":"","meta":{"_acf_changed":false},"categoria":[],"pais":[19],"tipo-de-documento":[],"class_list":["post-4466","herramienta","type-herramienta","status-publish","hentry","pais-mexico"],"acf":[],"_links":{"self":[{"href":"https:\/\/cefoindigena.org\/en\/wp-json\/wp\/v2\/herramienta\/4466","targetHints":{"allow":["GET"]}}],"collection":[{"href":"https:\/\/cefoindigena.org\/en\/wp-json\/wp\/v2\/herramienta"}],"about":[{"href":"https:\/\/cefoindigena.org\/en\/wp-json\/wp\/v2\/types\/herramienta"}],"wp:attachment":[{"href":"https:\/\/cefoindigena.org\/en\/wp-json\/wp\/v2\/media?parent=4466"}],"wp:term":[{"taxonomy":"categoria","embeddable":true,"href":"https:\/\/cefoindigena.org\/en\/wp-json\/wp\/v2\/categoria?post=4466"},{"taxonomy":"pais","embeddable":true,"href":"https:\/\/cefoindigena.org\/en\/wp-json\/wp\/v2\/pais?post=4466"},{"taxonomy":"tipo-de-documento","embeddable":true,"href":"https:\/\/cefoindigena.org\/en\/wp-json\/wp\/v2\/tipo-de-documento?post=4466"}],"curies":[{"name":"wp","href":"https:\/\/api.w.org\/{rel}","templated":true}]}}

<p>Nace en el año 2006 con el motivo y objetivo de difundir el<br />
conocimiento que se encuentra en la tradición mexicana contemporánea. También parte de la idea de unificar muchos de los<br />
conceptos de vida de los pueblos originarios de América.<br />
Todo esto tomando como base un estilo musical fundamentado<br />
en la fuerza que posee el género de rock, conocido como Metal.<br />
El objetivo de este proyecto no es sólo hacer música, sino en<br />
todo lo posible, proponer y contribuir de manera crítica, objetiva,<br />
respetuosa y tangible, a la difusión, conservación, legitimación y<br />
valorización de la cosmovisión, lengua y cultura de los pueblos<br />
originarios mexicanos.</p>

<p>Nace en el año 2006 con el motivo y objetivo de difundir el conocimiento que se encuentra en la tradición mexicana contemporánea. También parte de la idea de unificar muchos de los conceptos de vida de los pueblos originarios de América. Todo esto tomando como base un estilo musical fundamentado en la fuerza que posee [&hellip;]</p>
