{"id":4467,"date":"2025-11-19T20:02:10","date_gmt":"2025-11-19T19:02:10","guid":{"rendered":"https:\/\/cefoindigena.org\/herramienta\/yasuni-zona-de-sacrificio-analisis-de-la-iniciativa-itt-y-los-derechos-colectivos-indigenas\/"},"modified":"2025-11-19T20:02:10","modified_gmt":"2025-11-19T19:02:10","slug":"yasuni-zona-de-sacrificio-analisis-de-la-iniciativa-itt-y-los-derechos-colectivos-indigenas","status":"publish","type":"herramienta","link":"https:\/\/cefoindigena.org\/en\/herramienta\/yasuni-zona-de-sacrificio-analisis-de-la-iniciativa-itt-y-los-derechos-colectivos-indigenas\/","title":{"rendered":"Yasun\u00ed zona de sacrificio An\u00e1lisis de la Iniciativa ITT y los derechos colectivos ind\u00edgenas"},"content":{"rendered":"<p>El presente libro expresa el esfuerzo de varios investigadores j\u00f3venes, de profesores-investigadores de FLACSO\u2013Sede Ecuador y de la Universidad de Padova (Italia), motivados por el com\u00fan objetivo de aportar a la mejor comprensi\u00f3n t\u00e9cnico-pol\u00edtica de la extraci\u00f3n petrolera en la Regi\u00f3n Amaz\u00f3nica Ecuatoriana (RAE) y de la denominada Iniciativa Yasun\u00ed-ITT, cuya relevancia ha suscitado debates al interior y fuera del pa\u00eds, en particular relacionados a los derechos de la naturaleza, derechos colectivos desde una perspectiva socio-cultural, mantenimiento in situ de petr\u00f3leo del eje ITT para evitar su consumo y en consecuencia la emisi\u00f3n de CO2 a la atm\u00f3sfera, y la corresponsabilidad de la comunidad internacional para apoyar al control del cambio clim\u00e1tico bajo el mecanismo propuesto por Ecuador.<\/p>","protected":false},"excerpt":{"rendered":"<p>El presente libro expresa el esfuerzo de varios investigadores j\u00f3venes, de profesores-investigadores de FLACSO\u2013Sede Ecuador y de la Universidad de Padova (Italia), motivados por el com\u00fan objetivo de aportar a la mejor comprensi\u00f3n t\u00e9cnico-pol\u00edtica de la extraci\u00f3n petrolera en la Regi\u00f3n Amaz\u00f3nica Ecuatoriana (RAE) y de la denominada Iniciativa Yasun\u00ed-ITT, cuya relevancia ha suscitado debates [&hellip;]<\/p>\n","protected":false},"featured_media":0,"template":"","meta":{"_acf_changed":false},"categoria":[],"pais":[13],"tipo-de-documento":[],"class_list":["post-4467","herramienta","type-herramienta","status-publish","hentry","pais-ecuador"],"acf":[],"_links":{"self":[{"href":"https:\/\/cefoindigena.org\/en\/wp-json\/wp\/v2\/herramienta\/4467","targetHints":{"allow":["GET"]}}],"collection":[{"href":"https:\/\/cefoindigena.org\/en\/wp-json\/wp\/v2\/herramienta"}],"about":[{"href":"https:\/\/cefoindigena.org\/en\/wp-json\/wp\/v2\/types\/herramienta"}],"wp:attachment":[{"href":"https:\/\/cefoindigena.org\/en\/wp-json\/wp\/v2\/media?parent=4467"}],"wp:term":[{"taxonomy":"categoria","embeddable":true,"href":"https:\/\/cefoindigena.org\/en\/wp-json\/wp\/v2\/categoria?post=4467"},{"taxonomy":"pais","embeddable":true,"href":"https:\/\/cefoindigena.org\/en\/wp-json\/wp\/v2\/pais?post=4467"},{"taxonomy":"tipo-de-documento","embeddable":true,"href":"https:\/\/cefoindigena.org\/en\/wp-json\/wp\/v2\/tipo-de-documento?post=4467"}],"curies":[{"name":"wp","href":"https:\/\/api.w.org\/{rel}","templated":true}]}}

Yasuní zona de sacrificio Análisis de la Iniciativa ITT y los derechos colectivos indígenas

<p>El presente libro expresa el esfuerzo de varios investigadores jóvenes, de profesores-investigadores de FLACSO–Sede Ecuador y de la Universidad de Padova (Italia), motivados por el común objetivo de aportar a la mejor comprensión técnico-política de la extración petrolera en la Región Amazónica Ecuatoriana (RAE) y de la denominada Iniciativa Yasuní-ITT, cuya relevancia ha suscitado debates al interior y fuera del país, en particular relacionados a los derechos de la naturaleza, derechos colectivos desde una perspectiva socio-cultural, mantenimiento in situ de petróleo del eje ITT para evitar su consumo y en consecuencia la emisión de CO2 a la atmósfera, y la corresponsabilidad de la comunidad internacional para apoyar al control del cambio climático bajo el mecanismo propuesto por Ecuador.</p>

<p>El presente libro expresa el esfuerzo de varios investigadores jóvenes, de profesores-investigadores de FLACSO–Sede Ecuador y de la Universidad de Padova (Italia), motivados por el común objetivo de aportar a la mejor comprensión técnico-política de la extración petrolera en la Región Amazónica Ecuatoriana (RAE) y de la denominada Iniciativa Yasuní-ITT, cuya relevancia ha suscitado debates [&hellip;]</p>
