{"id":4468,"date":"2025-11-19T20:02:10","date_gmt":"2025-11-19T19:02:10","guid":{"rendered":"https:\/\/cefoindigena.org\/herramienta\/zonificacion-de-areas-prioritarias-de-proteccion-contra-incendios-forestales\/"},"modified":"2025-11-19T20:02:10","modified_gmt":"2025-11-19T19:02:10","slug":"zonificacion-de-areas-prioritarias-de-proteccion-contra-incendios-forestales","status":"publish","type":"herramienta","link":"https:\/\/cefoindigena.org\/en\/herramienta\/zonificacion-de-areas-prioritarias-de-proteccion-contra-incendios-forestales\/","title":{"rendered":"Zonificaci\u00f3n de \u00c1reas Prioritarias de Protecci\u00f3n Contra Incendios Forestales"},"content":{"rendered":"","protected":false},"excerpt":{"rendered":"","protected":false},"featured_media":0,"template":"","meta":{"_acf_changed":false},"categoria":[],"pais":[19],"tipo-de-documento":[],"class_list":["post-4468","herramienta","type-herramienta","status-publish","hentry","pais-mexico"],"acf":[],"_links":{"self":[{"href":"https:\/\/cefoindigena.org\/en\/wp-json\/wp\/v2\/herramienta\/4468","targetHints":{"allow":["GET"]}}],"collection":[{"href":"https:\/\/cefoindigena.org\/en\/wp-json\/wp\/v2\/herramienta"}],"about":[{"href":"https:\/\/cefoindigena.org\/en\/wp-json\/wp\/v2\/types\/herramienta"}],"wp:attachment":[{"href":"https:\/\/cefoindigena.org\/en\/wp-json\/wp\/v2\/media?parent=4468"}],"wp:term":[{"taxonomy":"categoria","embeddable":true,"href":"https:\/\/cefoindigena.org\/en\/wp-json\/wp\/v2\/categoria?post=4468"},{"taxonomy":"pais","embeddable":true,"href":"https:\/\/cefoindigena.org\/en\/wp-json\/wp\/v2\/pais?post=4468"},{"taxonomy":"tipo-de-documento","embeddable":true,"href":"https:\/\/cefoindigena.org\/en\/wp-json\/wp\/v2\/tipo-de-documento?post=4468"}],"curies":[{"name":"wp","href":"https:\/\/api.w.org\/{rel}","templated":true}]}}

Zonificación de Áreas Prioritarias de Protección Contra Incendios Forestales
